Last updated on 2024-07-27 01:53:08 CEST.
Flavor | Version | Tinstall | Tcheck | Ttotal | Status | Flags |
---|---|---|---|---|---|---|
r-devel-linux-x86_64-debian-clang | 6.1.10 | 15.18 | 164.43 | 179.61 | OK | |
r-devel-linux-x86_64-debian-gcc | 6.1.10 | 9.26 | 122.81 | 132.07 | NOTE | |
r-devel-linux-x86_64-fedora-clang | 6.1.10 | 224.59 | OK | |||
r-devel-linux-x86_64-fedora-gcc | 6.1.10 | 219.97 | OK | |||
r-devel-windows-x86_64 | 6.1.10 | 11.00 | 239.00 | 250.00 | NOTE | |
r-patched-linux-x86_64 | 6.1.10 | OK | ||||
r-release-linux-x86_64 | 6.1.10 | 7.64 | 155.08 | 162.72 | OK | |
r-release-macos-arm64 | 6.1.10 | 63.00 | OK | |||
r-release-macos-x86_64 | 6.1.10 | 118.00 | OK | |||
r-release-windows-x86_64 | 6.1.10 | 10.00 | 238.00 | 248.00 | OK | |
r-oldrel-macos-arm64 | 6.1.10 | 71.00 | OK | |||
r-oldrel-macos-x86_64 | 6.1.10 | 214.00 | OK | |||
r-oldrel-windows-x86_64 | 6.1.10 | 17.00 | 234.00 | 251.00 | OK |
Version: 6.1.10
Check: Rd cross-references
Result: NOTE
Found the following Rd file(s) with Rd \link{} targets missing package
anchors:
aovPCAloadings.Rd: GraphicsOptions
plot2Loadings.Rd: GraphicsOptions
plotLoadings.Rd: GraphicsOptions
plotSpectra.Rd: GraphicsOptions
reviewAllSpectra.Rd: GraphicsOptions
sPlotSpectra.Rd: GraphicsOptions
surveySpectra.Rd: GraphicsOptions
Please provide package anchors for all Rd \link{} targets not in the
package itself and the base packages.
Flavors: r-devel-linux-x86_64-debian-gcc, r-devel-windows-x86_64