Last updated on 2025-11-13 01:50:16 CET.
| Flavor | Version | Tinstall | Tcheck | Ttotal | Status | Flags |
|---|---|---|---|---|---|---|
| r-devel-linux-x86_64-debian-clang | 1.1.0 | 49.32 | 272.17 | 321.49 | OK | |
| r-devel-linux-x86_64-debian-gcc | 1.1.0 | 33.29 | 204.38 | 237.67 | OK | |
| r-devel-linux-x86_64-fedora-clang | 1.1.0 | 261.00 | 256.55 | 517.55 | OK | |
| r-devel-linux-x86_64-fedora-gcc | 1.1.0 | 117.00 | 391.54 | 508.54 | OK | |
| r-devel-windows-x86_64 | 1.1.0 | 61.00 | 292.00 | 353.00 | OK | |
| r-patched-linux-x86_64 | 1.1.0 | 49.18 | 253.69 | 302.87 | OK | |
| r-release-linux-x86_64 | 1.1.0 | 54.45 | 255.98 | 310.43 | OK | |
| r-release-macos-arm64 | 1.1.0 | 20.00 | 114.00 | 134.00 | OK | |
| r-release-macos-x86_64 | 1.1.0 | 26.00 | 227.00 | 253.00 | OK | |
| r-release-windows-x86_64 | 1.1.0 | 60.00 | 283.00 | 343.00 | OK | |
| r-oldrel-macos-arm64 | 1.1.0 | 21.00 | 119.00 | 140.00 | NOTE | |
| r-oldrel-macos-x86_64 | 1.1.0 | 25.00 | 222.00 | 247.00 | NOTE | |
| r-oldrel-windows-x86_64 | 1.1.0 | 72.00 | 379.00 | 451.00 | NOTE |
Version: 1.1.0
Check: package dependencies
Result: NOTE
Packages suggested but not available for checking:
'monocle3', 'SharedObject'
Flavors: r-oldrel-macos-arm64, r-oldrel-macos-x86_64
Version: 1.1.0
Check: package dependencies
Result: NOTE
Package suggested but not available for checking: 'monocle3'
Flavor: r-oldrel-windows-x86_64