Last updated on 2024-07-27 01:53:08 CEST.
Flavor | Version | Tinstall | Tcheck | Ttotal | Status | Flags |
---|---|---|---|---|---|---|
r-devel-linux-x86_64-debian-clang | 1.3.3 | 68.12 | 197.67 | 265.79 | OK | |
r-devel-linux-x86_64-debian-gcc | 1.3.3 | 63.16 | 152.13 | 215.29 | OK | |
r-devel-linux-x86_64-fedora-clang | 1.3.3 | 363.69 | OK | |||
r-devel-linux-x86_64-fedora-gcc | 1.3.3 | 368.67 | OK | |||
r-devel-windows-x86_64 | 1.3.3 | 61.00 | 180.00 | 241.00 | OK | |
r-patched-linux-x86_64 | 1.3.3 | OK | ||||
r-release-linux-x86_64 | 1.3.3 | 68.11 | 191.01 | 259.12 | OK | |
r-release-macos-arm64 | 1.3.3 | 107.00 | NOTE | |||
r-release-macos-x86_64 | 1.3.3 | 325.00 | NOTE | |||
r-release-windows-x86_64 | 1.3.3 | 63.00 | 177.00 | 240.00 | OK | |
r-oldrel-macos-arm64 | 1.3.3 | 150.00 | NOTE | |||
r-oldrel-macos-x86_64 | 1.3.3 | 324.00 | NOTE | |||
r-oldrel-windows-x86_64 | 1.3.3 | 72.00 | 241.00 | 313.00 | OK |
Version: 1.3.3
Check: installed package size
Result: NOTE
installed size is 9.3Mb
sub-directories of 1Mb or more:
libs 8.0Mb
Flavors: r-release-macos-arm64, r-release-macos-x86_64, r-oldrel-macos-arm64, r-oldrel-macos-x86_64