CRAN Package Check Results for Package ClusterStability

Last updated on 2025-05-06 02:50:14 CEST.

Flavor Version Tinstall Tcheck Ttotal Status Flags
r-devel-linux-x86_64-debian-clang 1.0.4 18.63 75.52 94.15 NOTE
r-devel-linux-x86_64-debian-gcc 1.0.4 14.66 57.97 72.63 NOTE
r-devel-linux-x86_64-fedora-clang 1.0.4 149.38 NOTE
r-devel-linux-x86_64-fedora-gcc 1.0.4 148.34 NOTE
r-devel-windows-x86_64 1.0.4 25.00 102.00 127.00 OK
r-patched-linux-x86_64 1.0.4 18.87 72.37 91.24 OK
r-release-linux-x86_64 1.0.4 18.05 71.90 89.95 OK
r-release-macos-arm64 1.0.4 46.00 OK
r-release-macos-x86_64 1.0.4 90.00 OK
r-release-windows-x86_64 1.0.4 24.00 106.00 130.00 OK
r-oldrel-macos-arm64 1.0.4 43.00 OK
r-oldrel-macos-x86_64 1.0.4 67.00 OK
r-oldrel-windows-x86_64 1.0.4 29.00 129.00 158.00 OK

Check Details

Version: 1.0.4
Check: CRAN incoming feasibility
Result: NOTE Maintainer: ‘Etienne Lord <m.etienne.lord@gmail.com>’ No Authors@R field in DESCRIPTION. Please add one, modifying Authors@R: c(person(given = "Etienne", family = "Lord", role = c("aut", "cre"), email = "m.etienne.lord@gmail.com"), person(given = "Matthieu", family = "Willems", role = "aut"), person(given = "Francois-Joseph", family = "Lapointe", role = "aut"), person(given = "Vladimir", family = "Makarenkov", role = "aut")) as necessary. Flavors: r-devel-linux-x86_64-debian-clang, r-devel-linux-x86_64-debian-gcc

Version: 1.0.4
Check: compiled code
Result: NOTE File ‘ClusterStability/libs/ClusterStability.so’: Found no calls to: ‘R_registerRoutines’, ‘R_useDynamicSymbols’ It is good practice to register native routines and to disable symbol search. See ‘Writing portable packages’ in the ‘Writing R Extensions’ manual. Flavors: r-devel-linux-x86_64-fedora-clang, r-devel-linux-x86_64-fedora-gcc