Last updated on 2025-05-06 02:50:14 CEST.
Flavor | Version | Tinstall | Tcheck | Ttotal | Status | Flags |
---|---|---|---|---|---|---|
r-devel-linux-x86_64-debian-clang | 0.3.0 | 1.82 | 18.55 | 20.37 | NOTE | |
r-devel-linux-x86_64-debian-gcc | 0.3.0 | 1.49 | 14.90 | 16.39 | NOTE | |
r-devel-linux-x86_64-fedora-clang | 0.3.0 | 31.24 | OK | |||
r-devel-linux-x86_64-fedora-gcc | 0.3.0 | 29.89 | OK | |||
r-devel-windows-x86_64 | 0.3.0 | 3.00 | 38.00 | 41.00 | OK | |
r-patched-linux-x86_64 | 0.3.0 | 1.81 | 17.88 | 19.69 | OK | |
r-release-linux-x86_64 | 0.3.0 | 1.89 | 17.58 | 19.47 | OK | |
r-release-macos-arm64 | 0.3.0 | 15.00 | OK | |||
r-release-macos-x86_64 | 0.3.0 | 23.00 | OK | |||
r-release-windows-x86_64 | 0.3.0 | 4.00 | 39.00 | 43.00 | OK | |
r-oldrel-macos-arm64 | 0.3.0 | 20.00 | OK | |||
r-oldrel-macos-x86_64 | 0.3.0 | 22.00 | OK | |||
r-oldrel-windows-x86_64 | 0.3.0 | 3.00 | 39.00 | 42.00 | OK |
Version: 0.3.0
Check: CRAN incoming feasibility
Result: NOTE
Maintainer: ‘Zengchao Hao <z.hao4univ@gmail.com>’
No Authors@R field in DESCRIPTION.
Please add one, modifying
Authors@R: person(given = "Zengchao",
family = "Hao",
role = c("aut", "cre"),
email = "z.hao4univ@gmail.com")
as necessary.
Flavors: r-devel-linux-x86_64-debian-clang, r-devel-linux-x86_64-debian-gcc