Last updated on 2024-07-27 01:53:09 CEST.
Flavor | Version | Tinstall | Tcheck | Ttotal | Status | Flags |
---|---|---|---|---|---|---|
r-devel-linux-x86_64-debian-clang | 1.0.4 | 15.06 | 170.20 | 185.26 | NOTE | |
r-devel-linux-x86_64-debian-gcc | 1.0.4 | 11.72 | 127.66 | 139.38 | NOTE | |
r-devel-linux-x86_64-fedora-clang | 1.0.4 | 238.10 | NOTE | |||
r-devel-linux-x86_64-fedora-gcc | 1.0.4 | 232.11 | NOTE | |||
r-devel-windows-x86_64 | 1.0.4 | 13.00 | 135.00 | 148.00 | NOTE | |
r-patched-linux-x86_64 | 1.0.4 | NOTE | ||||
r-release-linux-x86_64 | 1.0.4 | 9.34 | 163.22 | 172.56 | NOTE | |
r-release-macos-arm64 | 1.0.4 | 89.00 | NOTE | |||
r-release-macos-x86_64 | 1.0.4 | 127.00 | NOTE | |||
r-release-windows-x86_64 | 1.0.4 | 13.00 | 135.00 | 148.00 | NOTE | |
r-oldrel-macos-arm64 | 1.0.4 | 80.00 | OK | |||
r-oldrel-macos-x86_64 | 1.0.4 | 137.00 | OK | |||
r-oldrel-windows-x86_64 | 1.0.4 | 17.00 | 175.00 | 192.00 | OK |
Version: 1.0.4
Check: Rd files
Result: NOTE
checkRd: (-1) binary_class_cm.Rd:19: Lost braces in \itemize; \value handles \item{}{} directly
checkRd: (-1) binary_class_cm.Rd:20: Lost braces in \itemize; \value handles \item{}{} directly
checkRd: (-1) binary_class_cm.Rd:21: Lost braces in \itemize; \value handles \item{}{} directly
checkRd: (-1) binary_class_cm.Rd:22: Lost braces in \itemize; \value handles \item{}{} directly
checkRd: (-1) multi_class_cm.Rd:19: Lost braces in \itemize; \value handles \item{}{} directly
checkRd: (-1) multi_class_cm.Rd:20: Lost braces in \itemize; \value handles \item{}{} directly
checkRd: (-1) multi_class_cm.Rd:21: Lost braces in \itemize; \value handles \item{}{} directly
checkRd: (-1) multi_class_cm.Rd:22: Lost braces in \itemize; \value handles \item{}{} directly
Flavors: r-devel-linux-x86_64-debian-clang, r-devel-linux-x86_64-debian-gcc, r-devel-linux-x86_64-fedora-clang, r-devel-linux-x86_64-fedora-gcc, r-devel-windows-x86_64, r-patched-linux-x86_64, r-release-linux-x86_64, r-release-macos-arm64, r-release-macos-x86_64, r-release-windows-x86_64