Last updated on 2025-02-16 02:51:15 CET.
Flavor | Version | Tinstall | Tcheck | Ttotal | Status | Flags |
---|---|---|---|---|---|---|
r-devel-linux-x86_64-debian-clang | 0.1.0 | 8.15 | 49.91 | 58.06 | NOTE | |
r-devel-linux-x86_64-debian-gcc | 0.1.0 | 5.65 | 35.13 | 40.78 | NOTE | |
r-devel-linux-x86_64-fedora-clang | 0.1.0 | 93.48 | OK | |||
r-devel-linux-x86_64-fedora-gcc | 0.1.0 | 81.34 | OK | |||
r-devel-macos-arm64 | 0.1.0 | 33.00 | OK | |||
r-devel-macos-x86_64 | 0.1.0 | 70.00 | OK | |||
r-devel-windows-x86_64 | 0.1.0 | 10.00 | 66.00 | 76.00 | NOTE | |
r-patched-linux-x86_64 | 0.1.0 | 15.07 | 45.82 | 60.89 | OK | |
r-release-linux-x86_64 | 0.1.0 | 7.53 | 45.40 | 52.93 | OK | |
r-release-macos-arm64 | 0.1.0 | 31.00 | OK | |||
r-release-macos-x86_64 | 0.1.0 | 42.00 | OK | |||
r-release-windows-x86_64 | 0.1.0 | 9.00 | 67.00 | 76.00 | OK | |
r-oldrel-macos-arm64 | 0.1.0 | 31.00 | OK | |||
r-oldrel-macos-x86_64 | 0.1.0 | 48.00 | OK | |||
r-oldrel-windows-x86_64 | 0.1.0 | 12.00 | 79.00 | 91.00 | OK |
Version: 0.1.0
Check: Rd cross-references
Result: NOTE
Found the following Rd file(s) with Rd \link{} targets missing package
anchors:
bcalibrate.Rd: kEstimate, pca
cal_rv.Rd: kEstimate, pca
gcalibrate.Rd: kEstimate, pca
plot_estimates.Rd: theme
Please provide package anchors for all Rd \link{} targets not in the
package itself and the base packages.
Flavors: r-devel-linux-x86_64-debian-clang, r-devel-linux-x86_64-debian-gcc, r-devel-windows-x86_64