Last updated on 2024-07-27 01:53:09 CEST.
Flavor | Version | Tinstall | Tcheck | Ttotal | Status | Flags |
---|---|---|---|---|---|---|
r-devel-linux-x86_64-debian-clang | 0.6-2 | 17.65 | 112.60 | 130.25 | OK | |
r-devel-linux-x86_64-debian-gcc | 0.6-2 | 11.76 | 84.45 | 96.21 | NOTE | |
r-devel-linux-x86_64-fedora-clang | 0.6-2 | 168.71 | OK | |||
r-devel-linux-x86_64-fedora-gcc | 0.6-2 | 164.97 | OK | |||
r-devel-windows-x86_64 | 0.6-2 | 17.00 | 118.00 | 135.00 | NOTE | |
r-patched-linux-x86_64 | 0.6-2 | OK | ||||
r-release-linux-x86_64 | 0.6-2 | 13.83 | 110.07 | 123.90 | OK | |
r-release-macos-arm64 | 0.6-2 | 54.00 | OK | |||
r-release-macos-x86_64 | 0.6-2 | 85.00 | OK | |||
r-release-windows-x86_64 | 0.6-2 | 17.00 | 135.00 | 152.00 | OK | |
r-oldrel-macos-arm64 | 0.6-2 | 64.00 | OK | |||
r-oldrel-macos-x86_64 | 0.6-2 | 85.00 | NOTE | |||
r-oldrel-windows-x86_64 | 0.6-2 | 21.00 | 140.00 | 161.00 | OK |
Version: 0.6-2
Check: Rd cross-references
Result: NOTE
Found the following Rd file(s) with Rd \link{} targets missing package
anchors:
column.Rd: CsparseMatrix-class
nnzero.Rd: CsparseMatrix-class, RsparseMatrix-class
submatrix.Rd: CsparseMatrix-class
Please provide package anchors for all Rd \link{} targets not in the
package itself and the base packages.
Flavors: r-devel-linux-x86_64-debian-gcc, r-devel-windows-x86_64
Version: 0.6-2
Check: package dependencies
Result: NOTE
Package suggested but not available for checking: ‘BiocParallel’
Flavor: r-oldrel-macos-x86_64