Last updated on 2025-05-07 01:49:53 CEST.
Flavor | Version | Tinstall | Tcheck | Ttotal | Status | Flags |
---|---|---|---|---|---|---|
r-devel-linux-x86_64-debian-clang | 1.0.0 | 2.11 | 20.66 | 22.77 | NOTE | |
r-devel-linux-x86_64-debian-gcc | 1.0.0 | 1.64 | 16.67 | 18.31 | NOTE | |
r-devel-linux-x86_64-fedora-clang | 1.0.0 | 34.77 | OK | |||
r-devel-linux-x86_64-fedora-gcc | 1.0.0 | 34.10 | OK | |||
r-devel-windows-x86_64 | 1.0.0 | 3.00 | 41.00 | 44.00 | OK | |
r-patched-linux-x86_64 | 1.0.0 | 2.35 | 19.35 | 21.70 | OK | |
r-release-linux-x86_64 | 1.0.0 | 1.76 | 19.51 | 21.27 | OK | |
r-release-macos-arm64 | 1.0.0 | 16.00 | OK | |||
r-release-macos-x86_64 | 1.0.0 | 24.00 | OK | |||
r-release-windows-x86_64 | 1.0.0 | 5.00 | 41.00 | 46.00 | OK | |
r-oldrel-macos-arm64 | 1.0.0 | 15.00 | OK | |||
r-oldrel-macos-x86_64 | 1.0.0 | 22.00 | OK | |||
r-oldrel-windows-x86_64 | 1.0.0 | 3.00 | 40.00 | 43.00 | OK |
Version: 1.0.0
Check: CRAN incoming feasibility
Result: NOTE
Maintainer: ‘Koen W. De Bock <kdebock@audencia.com>’
No Authors@R field in DESCRIPTION.
Please add one, modifying
Authors@R: person(given = c("Koen", "W."),
family = "De Bock",
role = c("aut", "cre"),
email = "kdebock@audencia.com")
as necessary.
Flavors: r-devel-linux-x86_64-debian-clang, r-devel-linux-x86_64-debian-gcc