CRAN Package Check Results for Package CutpointsOEHR

Last updated on 2025-11-13 02:52:16 CET.

Flavor Version Tinstall Tcheck Ttotal Status Flags
r-devel-linux-x86_64-debian-clang 0.1.2 1.88 20.48 22.36 NOTE
r-devel-linux-x86_64-debian-gcc 0.1.2 1.30 17.07 18.37 NOTE
r-devel-linux-x86_64-fedora-clang 0.1.2 17.00 18.47 35.47 OK
r-devel-linux-x86_64-fedora-gcc 0.1.2 31.12 OK
r-devel-windows-x86_64 0.1.2 3.00 40.00 43.00 OK
r-patched-linux-x86_64 0.1.2 1.86 19.08 20.94 OK
r-release-linux-x86_64 0.1.2 1.71 19.19 20.90 OK
r-release-macos-arm64 0.1.2 1.00 14.00 15.00 OK
r-release-macos-x86_64 0.1.2 2.00 22.00 24.00 OK
r-release-windows-x86_64 0.1.2 3.00 38.00 41.00 OK
r-oldrel-macos-arm64 0.1.2 1.00 14.00 15.00 OK
r-oldrel-macos-x86_64 0.1.2 2.00 19.00 21.00 OK
r-oldrel-windows-x86_64 0.1.2 3.00 43.00 46.00 OK

Check Details

Version: 0.1.2
Check: CRAN incoming feasibility
Result: NOTE Maintainer: ‘Yimin Chen <chenyimin0226@126.com>’ No Authors@R field in DESCRIPTION. Please add one, modifying Authors@R: c(person(given = "Yimin", family = "Chen", role = c("aut", "cre"), email = "chenyimin0226@126.com"), person(given = "Zhang", family = "Jinxin", role = "aut")) as necessary. Flavors: r-devel-linux-x86_64-debian-clang, r-devel-linux-x86_64-debian-gcc