Last updated on 2025-05-25 02:50:04 CEST.
Flavor | Version | Tinstall | Tcheck | Ttotal | Status | Flags |
---|---|---|---|---|---|---|
r-devel-linux-x86_64-debian-clang | 0.1.2 | 45.95 | 341.89 | 387.84 | OK | |
r-devel-linux-x86_64-debian-gcc | 0.1.2 | 33.91 | 248.30 | 282.21 | OK | |
r-devel-linux-x86_64-fedora-clang | 0.1.2 | 657.51 | NOTE | |||
r-devel-linux-x86_64-fedora-gcc | 0.1.2 | 607.45 | NOTE | |||
r-devel-windows-x86_64 | 0.1.2 | 44.00 | 300.00 | 344.00 | OK | |
r-patched-linux-x86_64 | 0.1.2 | 40.60 | 332.45 | 373.05 | OK | |
r-release-linux-x86_64 | 0.1.2 | 43.30 | 332.14 | 375.44 | OK | |
r-release-macos-arm64 | 0.1.2 | 147.00 | OK | |||
r-release-macos-x86_64 | 0.1.2 | 294.00 | OK | |||
r-release-windows-x86_64 | 0.1.2 | 46.00 | 277.00 | 323.00 | OK | |
r-oldrel-macos-arm64 | 0.1.2 | 160.00 | OK | |||
r-oldrel-macos-x86_64 | 0.1.2 | 269.00 | OK | |||
r-oldrel-windows-x86_64 | 0.1.2 | 60.00 | 385.00 | 445.00 | OK |
Version: 0.1.2
Check: dependencies in R code
Result: NOTE
Namespace in Imports field not imported from: ‘ggplot2’
All declared Imports should be used.
Flavors: r-devel-linux-x86_64-fedora-clang, r-devel-linux-x86_64-fedora-gcc