Last updated on 2025-02-21 02:52:09 CET.
Flavor | Version | Tinstall | Tcheck | Ttotal | Status | Flags |
---|---|---|---|---|---|---|
r-devel-linux-x86_64-debian-clang | 0.1.0 | 13.02 | 94.73 | 107.75 | OK | |
r-devel-linux-x86_64-debian-gcc | 0.1.0 | 8.37 | 67.17 | 75.54 | OK | |
r-devel-linux-x86_64-fedora-clang | 0.1.0 | 168.12 | OK | |||
r-devel-linux-x86_64-fedora-gcc | 0.1.0 | 160.34 | OK | |||
r-devel-macos-arm64 | 0.1.0 | 51.00 | OK | |||
r-devel-macos-x86_64 | 0.1.0 | 95.00 | OK | |||
r-devel-windows-x86_64 | 0.1.0 | 13.00 | 100.00 | 113.00 | OK | |
r-patched-linux-x86_64 | 0.1.0 | 12.36 | 89.15 | 101.51 | NOTE | |
r-release-linux-x86_64 | 0.1.0 | 11.19 | 88.58 | 99.77 | NOTE | |
r-release-macos-arm64 | 0.1.0 | 35.00 | NOTE | |||
r-release-macos-x86_64 | 0.1.0 | 54.00 | NOTE | |||
r-release-windows-x86_64 | 0.1.0 | 13.00 | 98.00 | 111.00 | NOTE | |
r-oldrel-macos-arm64 | 0.1.0 | 45.00 | NOTE | |||
r-oldrel-macos-x86_64 | 0.1.0 | 61.00 | NOTE | |||
r-oldrel-windows-x86_64 | 0.1.0 | 19.00 | 145.00 | 164.00 | NOTE |
Version: 0.1.0
Check: LazyData
Result: NOTE
'LazyData' is specified without a 'data' directory
Flavors: r-patched-linux-x86_64, r-release-linux-x86_64, r-release-macos-arm64, r-release-macos-x86_64, r-release-windows-x86_64, r-oldrel-macos-arm64, r-oldrel-macos-x86_64, r-oldrel-windows-x86_64