CRAN Package Check Results for Package DLASSO

Last updated on 2025-11-20 03:50:05 CET.

Flavor Version Tinstall Tcheck Ttotal Status Flags
r-devel-linux-x86_64-debian-clang 2.0.2 1.98 28.18 30.16 NOTE
r-devel-linux-x86_64-debian-gcc 2.0.2 1.51 23.16 24.67 NOTE
r-devel-linux-x86_64-fedora-clang 2.0.2 45.46 OK
r-devel-linux-x86_64-fedora-gcc 2.0.2 42.69 OK
r-devel-windows-x86_64 2.0.2 3.00 47.00 50.00 OK
r-patched-linux-x86_64 2.0.2 1.64 28.02 29.66 OK
r-release-linux-x86_64 2.0.2 1.81 27.38 29.19 OK
r-release-macos-arm64 2.0.2 OK
r-release-macos-x86_64 2.0.2 2.00 32.00 34.00 OK
r-release-windows-x86_64 2.0.2 3.00 47.00 50.00 OK
r-oldrel-macos-arm64 2.0.2 OK
r-oldrel-macos-x86_64 2.0.2 2.00 26.00 28.00 OK
r-oldrel-windows-x86_64 2.0.2 3.00 56.00 59.00 OK

Check Details

Version: 2.0.2
Check: CRAN incoming feasibility
Result: NOTE Maintainer: ‘Hamed Haseli Mashhadi <hamedhaseli@gmail.com>’ No Authors@R field in DESCRIPTION. Please add one, modifying Authors@R: person(given = c("Hamed", "Haseli"), family = "Mashhadi", role = c("aut", "cre"), email = "hamedhaseli@gmail.com") as necessary. Flavors: r-devel-linux-x86_64-debian-clang, r-devel-linux-x86_64-debian-gcc