Last updated on 2025-05-08 01:51:01 CEST.
Flavor | Version | Tinstall | Tcheck | Ttotal | Status | Flags |
---|---|---|---|---|---|---|
r-devel-linux-x86_64-debian-clang | 0.0-1 | 10.84 | 149.32 | 160.16 | NOTE | |
r-devel-linux-x86_64-debian-gcc | 0.0-1 | 7.27 | 97.71 | 104.98 | NOTE | |
r-devel-linux-x86_64-fedora-clang | 0.0-1 | 255.55 | NOTE | |||
r-devel-linux-x86_64-fedora-gcc | 0.0-1 | 241.00 | NOTE | |||
r-devel-windows-x86_64 | 0.0-1 | 12.00 | 145.00 | 157.00 | NOTE | |
r-patched-linux-x86_64 | 0.0-1 | 11.55 | 139.18 | 150.73 | NOTE | |
r-release-linux-x86_64 | 0.0-1 | 10.23 | 138.88 | 149.11 | NOTE | |
r-release-macos-arm64 | 0.0-1 | 66.00 | NOTE | |||
r-release-macos-x86_64 | 0.0-1 | 126.00 | NOTE | |||
r-release-windows-x86_64 | 0.0-1 | 12.00 | 152.00 | 164.00 | NOTE | |
r-oldrel-macos-arm64 | 0.0-1 | 63.00 | NOTE | |||
r-oldrel-macos-x86_64 | 0.0-1 | 98.00 | NOTE | |||
r-oldrel-windows-x86_64 | 0.0-1 | 17.00 | 194.00 | 211.00 | NOTE |
Version: 0.0-1
Check: Rd files
Result: NOTE
checkRd: (-1) setCPT.O.Rd:85: Lost braces; missing escapes or markup?
85 | statespace {0,1,2}, which this is *not* checked anywhere. Thus, if
| ^
Flavors: r-devel-linux-x86_64-debian-clang, r-devel-linux-x86_64-debian-gcc, r-devel-linux-x86_64-fedora-clang, r-devel-linux-x86_64-fedora-gcc, r-devel-windows-x86_64, r-patched-linux-x86_64, r-release-linux-x86_64, r-release-macos-arm64, r-release-macos-x86_64, r-release-windows-x86_64, r-oldrel-macos-arm64, r-oldrel-macos-x86_64, r-oldrel-windows-x86_64