Last updated on 2024-07-27 01:53:10 CEST.
Flavor | Version | Tinstall | Tcheck | Ttotal | Status | Flags |
---|---|---|---|---|---|---|
r-devel-linux-x86_64-debian-clang | 0.5-8 | 18.97 | 348.89 | 367.86 | OK | |
r-devel-linux-x86_64-debian-gcc | 0.5-8 | 14.52 | 247.20 | 261.72 | NOTE | |
r-devel-linux-x86_64-fedora-clang | 0.5-8 | 452.20 | OK | |||
r-devel-linux-x86_64-fedora-gcc | 0.5-8 | 443.05 | OK | |||
r-devel-windows-x86_64 | 0.5-8 | 23.00 | 383.00 | 406.00 | NOTE | |
r-patched-linux-x86_64 | 0.5-8 | OK | ||||
r-release-linux-x86_64 | 0.5-8 | 15.29 | 335.76 | 351.05 | OK | |
r-release-macos-arm64 | 0.5-8 | 127.00 | OK | |||
r-release-macos-x86_64 | 0.5-8 | 239.00 | OK | |||
r-release-windows-x86_64 | 0.5-8 | 22.00 | 383.00 | 405.00 | OK | |
r-oldrel-macos-arm64 | 0.5-8 | 140.00 | OK | |||
r-oldrel-macos-x86_64 | 0.5-8 | 435.00 | OK | |||
r-oldrel-windows-x86_64 | 0.5-8 | 26.00 | 410.00 | 436.00 | OK |
Version: 0.5-8
Check: Rd cross-references
Result: NOTE
Found the following Rd file(s) with Rd \link{} targets missing package
anchors:
chebyshevPoly.Rd: polyn.eval
Please provide package anchors for all Rd \link{} targets not in the
package itself and the base packages.
Flavors: r-devel-linux-x86_64-debian-gcc, r-devel-windows-x86_64