Last updated on 2024-07-27 01:53:10 CEST.
Flavor | Version | Tinstall | Tcheck | Ttotal | Status | Flags |
---|---|---|---|---|---|---|
r-devel-linux-x86_64-debian-clang | 1.0.9 | 14.22 | 238.81 | 253.03 | OK | |
r-devel-linux-x86_64-debian-gcc | 1.0.9 | 11.35 | 173.38 | 184.73 | NOTE | |
r-devel-linux-x86_64-fedora-clang | 1.0.9 | 304.39 | OK | |||
r-devel-linux-x86_64-fedora-gcc | 1.0.9 | 299.73 | OK | |||
r-devel-windows-x86_64 | 1.0.9 | 14.00 | 177.00 | 191.00 | NOTE | |
r-patched-linux-x86_64 | 1.0.9 | OK | ||||
r-release-linux-x86_64 | 1.0.9 | 14.61 | 223.78 | 238.39 | OK | |
r-release-macos-arm64 | 1.0.9 | 75.00 | OK | |||
r-release-macos-x86_64 | 1.0.9 | 117.00 | OK | |||
r-release-windows-x86_64 | 1.0.9 | 12.00 | 180.00 | 192.00 | OK | |
r-oldrel-macos-arm64 | 1.0.9 | 83.00 | OK | |||
r-oldrel-macos-x86_64 | 1.0.9 | 188.00 | OK | |||
r-oldrel-windows-x86_64 | 1.0.9 | 16.00 | 228.00 | 244.00 | OK |
Version: 1.0.9
Check: Rd cross-references
Result: NOTE
Found the following Rd file(s) with Rd \link{} targets missing package
anchors:
ds.Rd: AIC.ds, plot.ds
print.summary.dsmodel.Rd: summary.ds
summary.dsmodel.Rd: summary.ds, dht
Please provide package anchors for all Rd \link{} targets not in the
package itself and the base packages.
Flavors: r-devel-linux-x86_64-debian-gcc, r-devel-windows-x86_64