Last updated on 2024-07-27 01:53:10 CEST.
Flavor | Version | Tinstall | Tcheck | Ttotal | Status | Flags |
---|---|---|---|---|---|---|
r-devel-linux-x86_64-debian-clang | 0.4.0 | 6.20 | 42.39 | 48.59 | OK | |
r-devel-linux-x86_64-debian-gcc | 0.4.0 | 4.50 | 31.27 | 35.77 | OK | |
r-devel-linux-x86_64-fedora-clang | 0.4.0 | 58.68 | NOTE | |||
r-devel-linux-x86_64-fedora-gcc | 0.4.0 | 59.04 | NOTE | |||
r-devel-windows-x86_64 | 0.4.0 | 8.00 | 57.00 | 65.00 | OK | |
r-patched-linux-x86_64 | 0.4.0 | OK | ||||
r-release-linux-x86_64 | 0.4.0 | 5.04 | 40.18 | 45.22 | OK | |
r-release-macos-arm64 | 0.4.0 | 22.00 | OK | |||
r-release-macos-x86_64 | 0.4.0 | 31.00 | OK | |||
r-release-windows-x86_64 | 0.4.0 | 6.00 | 58.00 | 64.00 | OK | |
r-oldrel-macos-arm64 | 0.4.0 | 25.00 | OK | |||
r-oldrel-macos-x86_64 | 0.4.0 | 38.00 | OK | |||
r-oldrel-windows-x86_64 | 0.4.0 | 7.00 | 61.00 | 68.00 | OK |
Version: 0.4.0
Check: dependencies in R code
Result: NOTE
Namespaces in Imports field not imported from:
‘dplyr’ ‘rlang’
All declared Imports should be used.
Flavors: r-devel-linux-x86_64-fedora-clang, r-devel-linux-x86_64-fedora-gcc