Last updated on 2025-05-24 01:51:18 CEST.
Flavor | Version | Tinstall | Tcheck | Ttotal | Status | Flags |
---|---|---|---|---|---|---|
r-devel-linux-x86_64-debian-clang | 0.1.0 | 6.11 | 185.74 | 191.85 | OK | |
r-devel-linux-x86_64-debian-gcc | 0.1.0 | 4.29 | 192.62 | 196.91 | OK | |
r-devel-linux-x86_64-fedora-clang | 0.1.0 | 228.94 | NOTE | |||
r-devel-linux-x86_64-fedora-gcc | 0.1.0 | 224.84 | NOTE | |||
r-devel-windows-x86_64 | 0.1.0 | 8.00 | 112.00 | 120.00 | OK | |
r-patched-linux-x86_64 | 0.1.0 | 6.56 | 172.16 | 178.72 | OK | |
r-release-linux-x86_64 | 0.1.0 | 6.08 | 183.45 | 189.53 | OK | |
r-release-macos-arm64 | 0.1.0 | 32.00 | OK | |||
r-release-macos-x86_64 | 0.1.0 | 57.00 | OK | |||
r-release-windows-x86_64 | 0.1.0 | 8.00 | 110.00 | 118.00 | OK | |
r-oldrel-macos-arm64 | 0.1.0 | 33.00 | OK | |||
r-oldrel-macos-x86_64 | 0.1.0 | 68.00 | OK | |||
r-oldrel-windows-x86_64 | 0.1.0 | 10.00 | 134.00 | 144.00 | OK |
Version: 0.1.0
Check: dependencies in R code
Result: NOTE
Namespace in Imports field not imported from: ‘vctrs’
All declared Imports should be used.
Flavors: r-devel-linux-x86_64-fedora-clang, r-devel-linux-x86_64-fedora-gcc