Last updated on 2024-07-27 01:53:10 CEST.
Flavor | Version | Tinstall | Tcheck | Ttotal | Status | Flags |
---|---|---|---|---|---|---|
r-devel-linux-x86_64-debian-clang | 0.12 | 8.54 | 112.09 | 120.63 | NOTE | |
r-devel-linux-x86_64-debian-gcc | 0.12 | 6.40 | 83.83 | 90.23 | NOTE | |
r-devel-linux-x86_64-fedora-clang | 0.12 | 152.60 | NOTE | |||
r-devel-linux-x86_64-fedora-gcc | 0.12 | 158.81 | NOTE | |||
r-devel-windows-x86_64 | 0.12 | 11.00 | 108.00 | 119.00 | NOTE | |
r-patched-linux-x86_64 | 0.12 | NOTE | ||||
r-release-linux-x86_64 | 0.12 | 7.73 | 106.51 | 114.24 | NOTE | |
r-release-macos-arm64 | 0.12 | 46.00 | NOTE | |||
r-release-macos-x86_64 | 0.12 | 70.00 | NOTE | |||
r-release-windows-x86_64 | 0.12 | 10.00 | 103.00 | 113.00 | NOTE | |
r-oldrel-macos-arm64 | 0.12 | 53.00 | OK | |||
r-oldrel-macos-x86_64 | 0.12 | 128.00 | OK | |||
r-oldrel-windows-x86_64 | 0.12 | 12.00 | 125.00 | 137.00 | OK |
Version: 0.12
Check: Rd files
Result: NOTE
checkRd: (-1) rsmformula.Rd:96: Lost braces
96 | URL{http://www.jstatsoft.org/v32/i07/}.
| ^
Flavors: r-devel-linux-x86_64-debian-clang, r-devel-linux-x86_64-debian-gcc, r-devel-linux-x86_64-fedora-clang, r-devel-linux-x86_64-fedora-gcc, r-devel-windows-x86_64, r-patched-linux-x86_64, r-release-linux-x86_64, r-release-macos-arm64, r-release-macos-x86_64, r-release-windows-x86_64
Version: 0.12
Check: Rd cross-references
Result: NOTE
Found the following Rd file(s) with Rd \link{} targets missing package
anchors:
rsmformula.Rd: rsm
Please provide package anchors for all Rd \link{} targets not in the
package itself and the base packages.
Flavors: r-devel-linux-x86_64-debian-gcc, r-devel-windows-x86_64