Last updated on 2025-02-14 02:49:42 CET.
Flavor | Version | Tinstall | Tcheck | Ttotal | Status | Flags |
---|---|---|---|---|---|---|
r-devel-linux-x86_64-debian-clang | 0.2.2 | 50.34 | 46.18 | 96.52 | NOTE | |
r-devel-linux-x86_64-debian-gcc | 0.2.2 | 34.09 | 35.11 | 69.20 | NOTE | |
r-devel-linux-x86_64-fedora-clang | 0.2.2 | 195.01 | NOTE | |||
r-devel-linux-x86_64-fedora-gcc | 0.2.2 | 202.86 | NOTE | |||
r-devel-windows-x86_64 | 0.2.2 | 60.00 | 112.00 | 172.00 | NOTE | |
r-patched-linux-x86_64 | 0.2.2 | 46.26 | 44.33 | 90.59 | NOTE | |
r-release-linux-x86_64 | 0.2.2 | 47.43 | 44.40 | 91.83 | NOTE | |
r-release-macos-arm64 | 0.2.2 | 51.00 | NOTE | |||
r-release-macos-x86_64 | 0.2.2 | 121.00 | NOTE | |||
r-release-windows-x86_64 | 0.2.2 | 59.00 | 108.00 | 167.00 | NOTE | |
r-oldrel-macos-arm64 | 0.2.2 | 65.00 | NOTE | |||
r-oldrel-macos-x86_64 | 0.2.2 | 102.00 | NOTE | |||
r-oldrel-windows-x86_64 | 0.2.2 | 71.00 | 118.00 | 189.00 | NOTE |
Version: 0.2.2
Check: C++ specification
Result: NOTE
Specified C++11: please drop specification unless essential
Flavors: r-devel-linux-x86_64-debian-clang, r-devel-linux-x86_64-debian-gcc, r-devel-linux-x86_64-fedora-clang, r-devel-linux-x86_64-fedora-gcc, r-devel-windows-x86_64, r-patched-linux-x86_64, r-release-linux-x86_64, r-release-macos-arm64, r-release-macos-x86_64, r-release-windows-x86_64, r-oldrel-macos-arm64, r-oldrel-macos-x86_64, r-oldrel-windows-x86_64
Version: 0.2.2
Check: LazyData
Result: NOTE
'LazyData' is specified without a 'data' directory
Flavors: r-patched-linux-x86_64, r-release-linux-x86_64, r-release-macos-arm64, r-release-macos-x86_64, r-release-windows-x86_64, r-oldrel-macos-arm64, r-oldrel-macos-x86_64, r-oldrel-windows-x86_64