Last updated on 2025-05-07 01:49:56 CEST.
Flavor | Version | Tinstall | Tcheck | Ttotal | Status | Flags |
---|---|---|---|---|---|---|
r-devel-linux-x86_64-debian-clang | 1.5 | 2.74 | 25.20 | 27.94 | NOTE | |
r-devel-linux-x86_64-debian-gcc | 1.5 | 2.02 | 19.68 | 21.70 | NOTE | |
r-devel-linux-x86_64-fedora-clang | 1.5 | 46.01 | OK | |||
r-devel-linux-x86_64-fedora-gcc | 1.5 | 44.63 | OK | |||
r-devel-windows-x86_64 | 1.5 | 4.00 | 46.00 | 50.00 | OK | |
r-patched-linux-x86_64 | 1.5 | 3.11 | 23.96 | 27.07 | OK | |
r-release-linux-x86_64 | 1.5 | 2.23 | 23.73 | 25.96 | OK | |
r-release-macos-arm64 | 1.5 | 23.00 | OK | |||
r-release-macos-x86_64 | 1.5 | 27.00 | OK | |||
r-release-windows-x86_64 | 1.5 | 4.00 | 66.00 | 70.00 | OK | |
r-oldrel-macos-arm64 | 1.5 | 17.00 | OK | |||
r-oldrel-macos-x86_64 | 1.5 | 24.00 | OK | |||
r-oldrel-windows-x86_64 | 1.5 | 5.00 | 59.00 | 64.00 | OK |
Version: 1.5
Check: CRAN incoming feasibility
Result: NOTE
Maintainer: ‘Jan Wijffels <jwijffels@bnosac.be>’
No Authors@R field in DESCRIPTION.
Please add one, modifying
Authors@R: person(given = "Jan",
family = "Wijffels",
role = c("aut", "cre"),
email = "jwijffels@bnosac.be")
as necessary.
Flavors: r-devel-linux-x86_64-debian-clang, r-devel-linux-x86_64-debian-gcc