Last updated on 2024-07-27 01:53:10 CEST.
Flavor | Version | Tinstall | Tcheck | Ttotal | Status | Flags |
---|---|---|---|---|---|---|
r-devel-linux-x86_64-debian-clang | 2.1.2 | 28.76 | 70.35 | 99.11 | OK | |
r-devel-linux-x86_64-debian-gcc | 2.1.2 | 20.58 | 51.84 | 72.42 | OK | |
r-devel-linux-x86_64-fedora-clang | 2.1.2 | 130.92 | NOTE | |||
r-devel-linux-x86_64-fedora-gcc | 2.1.2 | 160.23 | NOTE | |||
r-devel-windows-x86_64 | 2.1.2 | 24.00 | 119.00 | 143.00 | OK | |
r-patched-linux-x86_64 | 2.1.2 | OK | ||||
r-release-linux-x86_64 | 2.1.2 | 22.75 | 68.67 | 91.42 | OK | |
r-release-macos-arm64 | 2.1.2 | 43.00 | OK | |||
r-release-macos-x86_64 | 2.1.2 | 71.00 | OK | |||
r-release-windows-x86_64 | 2.1.2 | 22.00 | 122.00 | 144.00 | OK | |
r-oldrel-macos-arm64 | 2.1.2 | 50.00 | OK | |||
r-oldrel-macos-x86_64 | 2.1.2 | 71.00 | OK | |||
r-oldrel-windows-x86_64 | 2.1.2 | 28.00 | 134.00 | 162.00 | OK |
Version: 2.1.2
Check: dependencies in R code
Result: NOTE
Namespace in Imports field not imported from: ‘Matrix’
All declared Imports should be used.
Flavors: r-devel-linux-x86_64-fedora-clang, r-devel-linux-x86_64-fedora-gcc