Last updated on 2025-05-06 02:50:18 CEST.
Flavor | Version | Tinstall | Tcheck | Ttotal | Status | Flags |
---|---|---|---|---|---|---|
r-devel-linux-x86_64-debian-clang | 1.0.4 | 15.45 | 123.73 | 139.18 | NOTE | |
r-devel-linux-x86_64-debian-gcc | 1.0.4 | 11.69 | 85.19 | 96.88 | NOTE | |
r-devel-linux-x86_64-fedora-clang | 1.0.4 | 213.15 | OK | |||
r-devel-linux-x86_64-fedora-gcc | 1.0.4 | 206.25 | OK | |||
r-devel-windows-x86_64 | 1.0.4 | 18.00 | 117.00 | 135.00 | OK | |
r-patched-linux-x86_64 | 1.0.4 | 15.82 | 114.14 | 129.96 | OK | |
r-release-linux-x86_64 | 1.0.4 | 12.86 | 112.95 | 125.81 | OK | |
r-release-macos-arm64 | 1.0.4 | 55.00 | OK | |||
r-release-macos-x86_64 | 1.0.4 | 130.00 | OK | |||
r-release-windows-x86_64 | 1.0.4 | 17.00 | 118.00 | 135.00 | OK | |
r-oldrel-macos-arm64 | 1.0.4 | 56.00 | NOTE | |||
r-oldrel-macos-x86_64 | 1.0.4 | 87.00 | NOTE | |||
r-oldrel-windows-x86_64 | 1.0.4 | 23.00 | 150.00 | 173.00 | OK |
Version: 1.0.4
Check: CRAN incoming feasibility
Result: NOTE
Maintainer: ‘Didier Chauveau <didier.chauveau@univ-orleans.fr>’
Package CITATION file contains call(s) to old-style personList() or
as.personList(). Please use c() on person objects instead.
Package CITATION file contains call(s) to old-style citEntry(). Please
use bibentry() instead.
Found the following URLs which should use \doi (with the DOI name only):
File ‘EntropyMCMC-package.Rd’:
http://dx.doi.org/10.1051/ps/2012004
File ‘EntropyMCMC.Rd’:
http://dx.doi.org/10.1051/ps/2012004
File ‘EntropyParallel.Rd’:
http://dx.doi.org/10.1051/ps/2012004
File ‘MCMCcopies.Rd’:
http://dx.doi.org/10.1051/ps/2012004
File ‘MCMCcopies.cl.Rd’:
http://dx.doi.org/10.1051/ps/2012004
File ‘MCMCcopies.mc.Rd’:
http://dx.doi.org/10.1051/ps/2012004
File ‘plot.KbMCMC.Rd’:
http://dx.doi.org/10.1051/ps/2012004
File ‘plot.plMCMC.Rd’:
http://dx.doi.org/10.1051/ps/2012004
File ‘plot_Kblist.Rd’:
http://dx.doi.org/10.1051/ps/2012004
File ‘summary.plMCMC.Rd’:
http://dx.doi.org/10.1051/ps/2012004
Flavors: r-devel-linux-x86_64-debian-clang, r-devel-linux-x86_64-debian-gcc
Version: 1.0.4
Check: package dependencies
Result: NOTE
Package suggested but not available for checking: ‘Rmpi’
Flavors: r-oldrel-macos-arm64, r-oldrel-macos-x86_64