Last updated on 2024-07-27 01:53:10 CEST.
Flavor | Version | Tinstall | Tcheck | Ttotal | Status | Flags |
---|---|---|---|---|---|---|
r-devel-linux-x86_64-debian-clang | 1.1.3 | 4.53 | 40.79 | 45.32 | OK | |
r-devel-linux-x86_64-debian-gcc | 1.1.3 | 4.06 | 31.51 | 35.57 | NOTE | |
r-devel-linux-x86_64-fedora-clang | 1.1.3 | 59.04 | OK | |||
r-devel-linux-x86_64-fedora-gcc | 1.1.3 | 60.29 | OK | |||
r-devel-windows-x86_64 | 1.1.3 | 8.00 | 56.00 | 64.00 | NOTE | |
r-patched-linux-x86_64 | 1.1.3 | OK | ||||
r-release-linux-x86_64 | 1.1.3 | 4.52 | 40.30 | 44.82 | OK | |
r-release-macos-arm64 | 1.1.3 | 23.00 | OK | |||
r-release-macos-x86_64 | 1.1.3 | 32.00 | OK | |||
r-release-windows-x86_64 | 1.1.3 | 7.00 | 54.00 | 61.00 | OK | |
r-oldrel-macos-arm64 | 1.1.3 | 23.00 | OK | |||
r-oldrel-macos-x86_64 | 1.1.3 | 33.00 | OK | |||
r-oldrel-windows-x86_64 | 1.1.3 | 7.00 | 61.00 | 68.00 | OK |
Version: 1.1.3
Check: Rd cross-references
Result: NOTE
Found the following Rd file(s) with Rd \link{} targets missing package
anchors:
envcpt.Rd: cpt-class
Please provide package anchors for all Rd \link{} targets not in the
package itself and the base packages.
Flavors: r-devel-linux-x86_64-debian-gcc, r-devel-windows-x86_64