Last updated on 2025-05-04 02:50:04 CEST.
Flavor | Version | Tinstall | Tcheck | Ttotal | Status | Flags |
---|---|---|---|---|---|---|
r-devel-linux-x86_64-debian-clang | 1.5.2 | 11.44 | 220.95 | 232.39 | NOTE | |
r-devel-linux-x86_64-debian-gcc | 1.5.2 | 7.42 | 145.55 | 152.97 | NOTE | |
r-devel-linux-x86_64-fedora-clang | 1.5.2 | 393.48 | NOTE | |||
r-devel-linux-x86_64-fedora-gcc | 1.5.2 | 383.86 | NOTE | |||
r-devel-windows-x86_64 | 1.5.2 | 14.00 | 356.00 | 370.00 | NOTE | |
r-patched-linux-x86_64 | 1.5.2 | 9.18 | 209.28 | 218.46 | NOTE | |
r-release-linux-x86_64 | NOTE | |||||
r-release-macos-arm64 | 1.5.2 | 121.00 | NOTE | |||
r-release-macos-x86_64 | 1.5.2 | 403.00 | NOTE | |||
r-release-windows-x86_64 | 1.5.2 | 16.00 | 339.00 | 355.00 | NOTE | |
r-oldrel-macos-arm64 | 1.5.2 | 105.00 | OK | |||
r-oldrel-macos-x86_64 | 1.5.2 | 321.00 | OK | |||
r-oldrel-windows-x86_64 | 1.5.2 | 16.00 | 368.00 | 384.00 | OK |
Version: 1.5.2
Check: CRAN incoming feasibility
Result: NOTE
Maintainer: ‘Waleed Almutiry <wkmtierie@qu.edu.sa>’
No Authors@R field in DESCRIPTION.
Please add one, modifying
Authors@R: c(person(given = c("Vineetha", "Warriyar.", "K."),
family = "V.",
role = "aut"),
person(given = "Waleed",
family = "Almutiry",
role = c("aut", "cre"),
email = "wkmtierie@qu.edu.sa"),
person(given = "Rob",
family = "Deardon",
role = "aut"))
as necessary.
Flavors: r-devel-linux-x86_64-debian-clang, r-devel-linux-x86_64-debian-gcc
Version: 1.5.2
Check: Rd cross-references
Result: NOTE
Found the following Rd file(s) with Rd \link{} targets missing package
anchors:
epimcmc.Rd: MCMC, adaptMCMC
plot.epimcmc.Rd: mcmc, plot.mcmc
Please provide package anchors for all Rd \link{} targets not in the
package itself and the base packages.
Flavors: r-devel-linux-x86_64-debian-clang, r-devel-linux-x86_64-debian-gcc, r-devel-windows-x86_64, r-patched-linux-x86_64, r-release-linux-x86_64, r-release-windows-x86_64
Version: 1.5.2
Check: tests
Result: NOTE
Running ‘EpiILM.network.R’ [5s/6s]
Comparing ‘EpiILM.network.Rout’ to ‘EpiILM.network.Rout.save’ ...9817c9817
< [ reached 'max' / getOption("max.print") -- omitted 301 rows ]
---
> [ reached getOption("max.print") -- omitted 301 rows ]
19695c19695
< [ reached 'max' / getOption("max.print") -- omitted 301 rows ]
---
> [ reached getOption("max.print") -- omitted 301 rows ]
Running ‘EpiILM.spatial.R’ [3s/4s]
Comparing ‘EpiILM.spatial.Rout’ to ‘EpiILM.spatial.Rout.save’ ... OK
Flavor: r-devel-linux-x86_64-debian-clang
Version: 1.5.2
Check: tests
Result: NOTE
Running ‘EpiILM.network.R’ [4s/4s]
Comparing ‘EpiILM.network.Rout’ to ‘EpiILM.network.Rout.save’ ...9817c9817
< [ reached 'max' / getOption("max.print") -- omitted 301 rows ]
---
> [ reached getOption("max.print") -- omitted 301 rows ]
19695c19695
< [ reached 'max' / getOption("max.print") -- omitted 301 rows ]
---
> [ reached getOption("max.print") -- omitted 301 rows ]
Running ‘EpiILM.spatial.R’ [2s/3s]
Comparing ‘EpiILM.spatial.Rout’ to ‘EpiILM.spatial.Rout.save’ ... OK
Flavor: r-devel-linux-x86_64-debian-gcc
Version: 1.5.2
Check: tests
Result: NOTE
Running ‘EpiILM.network.R’ [8s/10s]
Comparing ‘EpiILM.network.Rout’ to ‘EpiILM.network.Rout.save’ ...9817c9817
< [ reached 'max' / getOption("max.print") -- omitted 301 rows ]
---
> [ reached getOption("max.print") -- omitted 301 rows ]
19695c19695
< [ reached 'max' / getOption("max.print") -- omitted 301 rows ]
---
> [ reached getOption("max.print") -- omitted 301 rows ]
Running ‘EpiILM.spatial.R’
Comparing ‘EpiILM.spatial.Rout’ to ‘EpiILM.spatial.Rout.save’ ... OK
Flavor: r-devel-linux-x86_64-fedora-clang
Version: 1.5.2
Check: tests
Result: NOTE
Running ‘EpiILM.network.R’
Comparing ‘EpiILM.network.Rout’ to ‘EpiILM.network.Rout.save’ ...9817c9817
< [ reached 'max' / getOption("max.print") -- omitted 301 rows ]
---
> [ reached getOption("max.print") -- omitted 301 rows ]
19695c19695
< [ reached 'max' / getOption("max.print") -- omitted 301 rows ]
---
> [ reached getOption("max.print") -- omitted 301 rows ]
Running ‘EpiILM.spatial.R’
Comparing ‘EpiILM.spatial.Rout’ to ‘EpiILM.spatial.Rout.save’ ... OK
Flavor: r-devel-linux-x86_64-fedora-gcc
Version: 1.5.2
Check: tests
Result: NOTE
Running 'EpiILM.network.R' [6s]
Comparing 'EpiILM.network.Rout' to 'EpiILM.network.Rout.save' ...9817c9817
< [ reached 'max' / getOption("max.print") -- omitted 301 rows ]
---
> [ reached getOption("max.print") -- omitted 301 rows ]
19695c19695
< [ reached 'max' / getOption("max.print") -- omitted 301 rows ]
---
> [ reached getOption("max.print") -- omitted 301 rows ]
Running 'EpiILM.spatial.R' [5s]
Comparing 'EpiILM.spatial.Rout' to 'EpiILM.spatial.Rout.save' ... OK
Flavor: r-devel-windows-x86_64
Version: 1.5.2
Check: tests
Result: NOTE
Running ‘EpiILM.network.R’ [4s/6s]
Comparing ‘EpiILM.network.Rout’ to ‘EpiILM.network.Rout.save’ ...9817c9817
< [ reached 'max' / getOption("max.print") -- omitted 301 rows ]
---
> [ reached getOption("max.print") -- omitted 301 rows ]
19695c19695
< [ reached 'max' / getOption("max.print") -- omitted 301 rows ]
---
> [ reached getOption("max.print") -- omitted 301 rows ]
Running ‘EpiILM.spatial.R’ [3s/4s]
Comparing ‘EpiILM.spatial.Rout’ to ‘EpiILM.spatial.Rout.save’ ... OK
Flavors: r-patched-linux-x86_64, r-release-linux-x86_64
Version: 1.5.2
Check: tests
Result: NOTE
Running ‘EpiILM.network.R’ [2s/3s]
Comparing ‘EpiILM.network.Rout’ to ‘EpiILM.network.Rout.save’ ...9817c9817
< [ reached 'max' / getOption("max.print") -- omitted 301 rows ]
---
> [ reached getOption("max.print") -- omitted 301 rows ]
19695c19695
< [ reached 'max' / getOption("max.print") -- omitted 301 rows ]
---
> [ reached getOption("max.print") -- omitted 301 rows ]
Running ‘EpiILM.spatial.R’ [1s/1s]
Comparing ‘EpiILM.spatial.Rout’ to ‘EpiILM.spatial.Rout.save’ ... OK
Flavor: r-release-macos-arm64
Version: 1.5.2
Check: tests
Result: NOTE
Running ‘EpiILM.network.R’ [4s/8s]
Comparing ‘EpiILM.network.Rout’ to ‘EpiILM.network.Rout.save’ ...9817c9817
< [ reached 'max' / getOption("max.print") -- omitted 301 rows ]
---
> [ reached getOption("max.print") -- omitted 301 rows ]
19695c19695
< [ reached 'max' / getOption("max.print") -- omitted 301 rows ]
---
> [ reached getOption("max.print") -- omitted 301 rows ]
Running ‘EpiILM.spatial.R’ [2s/5s]
Comparing ‘EpiILM.spatial.Rout’ to ‘EpiILM.spatial.Rout.save’ ... OK
Flavor: r-release-macos-x86_64
Version: 1.5.2
Check: tests
Result: NOTE
Running 'EpiILM.network.R' [5s]
Comparing 'EpiILM.network.Rout' to 'EpiILM.network.Rout.save' ...9817c9817
< [ reached 'max' / getOption("max.print") -- omitted 301 rows ]
---
> [ reached getOption("max.print") -- omitted 301 rows ]
19695c19695
< [ reached 'max' / getOption("max.print") -- omitted 301 rows ]
---
> [ reached getOption("max.print") -- omitted 301 rows ]
Running 'EpiILM.spatial.R' [5s]
Comparing 'EpiILM.spatial.Rout' to 'EpiILM.spatial.Rout.save' ... OK
Flavor: r-release-windows-x86_64