Last updated on 2024-07-27 01:53:10 CEST.
Flavor | Version | Tinstall | Tcheck | Ttotal | Status | Flags |
---|---|---|---|---|---|---|
r-devel-linux-x86_64-debian-clang | 1.1.7 | 33.73 | 84.37 | 118.10 | OK | |
r-devel-linux-x86_64-debian-gcc | 1.1.7 | 26.72 | 56.78 | 83.50 | NOTE | |
r-devel-linux-x86_64-fedora-clang | 1.1.7 | 152.27 | NOTE | |||
r-devel-linux-x86_64-fedora-gcc | 1.1.7 | 147.45 | OK | |||
r-devel-windows-x86_64 | 1.1.7 | 34.00 | 77.00 | 111.00 | NOTE | |
r-patched-linux-x86_64 | 1.1.7 | OK | ||||
r-release-linux-x86_64 | 1.1.7 | 32.98 | 73.06 | 106.04 | OK | |
r-release-macos-arm64 | 1.1.7 | 44.00 | OK | |||
r-release-macos-x86_64 | 1.1.7 | 54.00 | OK | |||
r-release-windows-x86_64 | 1.1.7 | 32.00 | 76.00 | 108.00 | OK | |
r-oldrel-macos-arm64 | 1.1.7 | 47.00 | OK | |||
r-oldrel-macos-x86_64 | 1.1.7 | 73.00 | OK | |||
r-oldrel-windows-x86_64 | 1.1.7 | 39.00 | 89.00 | 128.00 | OK |
Version: 1.1.7
Check: Rd cross-references
Result: NOTE
Found the following Rd file(s) with Rd \link{} targets missing package
anchors:
plot.epictmcmc.Rd: mcmc, plot.mcmc
summary.epictmcmc.Rd: mcmc
Please provide package anchors for all Rd \link{} targets not in the
package itself and the base packages.
Flavors: r-devel-linux-x86_64-debian-gcc, r-devel-windows-x86_64
Version: 1.1.7
Check: installed package size
Result: NOTE
installed size is 5.2Mb
sub-directories of 1Mb or more:
libs 4.7Mb
Flavor: r-devel-linux-x86_64-fedora-clang