Last updated on 2024-07-27 01:53:11 CEST.
Flavor | Version | Tinstall | Tcheck | Ttotal | Status | Flags |
---|---|---|---|---|---|---|
r-devel-linux-x86_64-debian-clang | 2.4.0 | 37.69 | 728.82 | 766.51 | OK | |
r-devel-linux-x86_64-debian-gcc | 2.4.0 | 32.17 | 536.02 | 568.19 | NOTE | |
r-devel-linux-x86_64-fedora-clang | 2.4.0 | 988.43 | OK | |||
r-devel-linux-x86_64-fedora-gcc | 2.4.0 | 906.48 | OK | |||
r-devel-windows-x86_64 | 2.4.0 | 39.00 | 562.00 | 601.00 | NOTE | |
r-patched-linux-x86_64 | 2.4.0 | OK | ||||
r-release-linux-x86_64 | 2.4.0 | 28.20 | 704.30 | 732.50 | OK | |
r-release-macos-arm64 | 2.4.0 | 235.00 | OK | |||
r-release-macos-x86_64 | 2.4.0 | 390.00 | OK | |||
r-release-windows-x86_64 | 2.4.0 | 42.00 | 561.00 | 603.00 | OK | |
r-oldrel-macos-arm64 | 2.4.0 | 209.00 | OK | |||
r-oldrel-macos-x86_64 | 2.4.0 | 462.00 | OK | |||
r-oldrel-windows-x86_64 | 2.4.0 | 49.00 | 723.00 | 772.00 | NOTE |
Version: 2.4.0
Check: Rd cross-references
Result: NOTE
Found the following Rd file(s) with Rd \link{} targets missing package
anchors:
as.network.transmat.Rd: network
as.phylo.transmat.Rd: phylo
brewer_ramp.Rd: brewer.pal, RColorBrewer
control.dcm.Rd: ode
netdx.Rd: control.simulate.formula.tergm
netest.Rd: control.tergm
plot.dcm.Rd: RColorBrewer, brewer.pal.info
plot.netsim.Rd: plot.network
plot.transmat.Rd: plot.network
print.netdx.Rd: effectiveSize
tedgelist_to_toggles.Rd: as.data.frame.networkDynamic
Please provide package anchors for all Rd \link{} targets not in the
package itself and the base packages.
Flavors: r-devel-linux-x86_64-debian-gcc, r-devel-windows-x86_64
Version: 2.4.0
Check: installed package size
Result: NOTE
installed size is 5.0Mb
sub-directories of 1Mb or more:
doc 2.8Mb
Flavors: r-devel-windows-x86_64, r-oldrel-windows-x86_64