Last updated on 2025-11-20 02:49:13 CET.
| Flavor | Version | Tinstall | Tcheck | Ttotal | Status | Flags |
|---|---|---|---|---|---|---|
| r-devel-linux-x86_64-debian-clang | 0.9 | 11.24 | 96.69 | 107.93 | NOTE | |
| r-devel-linux-x86_64-debian-gcc | 0.9 | 7.39 | 71.59 | 78.98 | NOTE | |
| r-devel-linux-x86_64-fedora-clang | 0.9 | 32.00 | 136.04 | 168.04 | NOTE | |
| r-devel-linux-x86_64-fedora-gcc | 0.9 | 24.00 | 135.82 | 159.82 | NOTE | |
| r-devel-windows-x86_64 | 0.9 | 16.00 | 108.00 | 124.00 | NOTE | |
| r-patched-linux-x86_64 | 0.9 | 10.90 | 90.44 | 101.34 | NOTE | |
| r-release-linux-x86_64 | 0.9 | 9.50 | 91.89 | 101.39 | NOTE | |
| r-release-macos-arm64 | 0.9 | NOTE | ||||
| r-release-macos-x86_64 | 0.9 | 9.00 | 69.00 | 78.00 | NOTE | |
| r-release-windows-x86_64 | 0.9 | 14.00 | 95.00 | 109.00 | NOTE | |
| r-oldrel-macos-arm64 | 0.9 | NOTE | ||||
| r-oldrel-macos-x86_64 | 0.9 | 7.00 | 57.00 | 64.00 | NOTE | |
| r-oldrel-windows-x86_64 | 0.9 | 18.00 | 122.00 | 140.00 | NOTE |
Version: 0.9
Check: CRAN incoming feasibility
Result: NOTE
Maintainer: ‘Juan Manuel Cabrera <juanmanuelcabrera1@gmail.com>’
No Authors@R field in DESCRIPTION.
Please add one, modifying
Authors@R: c(person(given = c("Juan", "Manuel"),
family = "Cabrera",
role = c("aut", "cre"),
email = "juanmanuelcabrera1@gmail.com"),
person(given = "Federico",
family = "Giri",
role = "aut"))
as necessary.
Flavors: r-devel-linux-x86_64-debian-clang, r-devel-linux-x86_64-debian-gcc
Version: 0.9
Check: Rd files
Result: NOTE
checkRd: (-1) ShapeDist.Rd:18: Lost braces; missing escapes or markup?
18 | Procrustes distance provides a measure of coincidence of two point sets {xi} and {yi}, i=1..N. For this purpose the variance of point deviations is calculated at the optimal superposition of the sets. It allows to characterize the shape proximity of a given simplex to shape of a reference one.
| ^
checkRd: (-1) ShapeDist.Rd:18: Lost braces; missing escapes or markup?
18 | Procrustes distance provides a measure of coincidence of two point sets {xi} and {yi}, i=1..N. For this purpose the variance of point deviations is calculated at the optimal superposition of the sets. It allows to characterize the shape proximity of a given simplex to shape of a reference one.
| ^
Flavors: r-devel-linux-x86_64-debian-clang, r-devel-linux-x86_64-debian-gcc, r-devel-linux-x86_64-fedora-clang, r-devel-linux-x86_64-fedora-gcc, r-devel-windows-x86_64, r-patched-linux-x86_64, r-release-linux-x86_64, r-release-macos-arm64, r-release-macos-x86_64, r-release-windows-x86_64, r-oldrel-macos-arm64, r-oldrel-macos-x86_64, r-oldrel-windows-x86_64