Last updated on 2024-07-27 01:53:11 CEST.
Flavor | Version | Tinstall | Tcheck | Ttotal | Status | Flags |
---|---|---|---|---|---|---|
r-devel-linux-x86_64-debian-clang | 1.1.1 | 17.87 | 157.62 | 175.49 | NOTE | |
r-devel-linux-x86_64-debian-gcc | 1.1.1 | 11.54 | 115.53 | 127.07 | NOTE | |
r-devel-linux-x86_64-fedora-clang | 1.1.1 | 211.19 | NOTE | |||
r-devel-linux-x86_64-fedora-gcc | 1.1.1 | 199.16 | NOTE | |||
r-devel-windows-x86_64 | 1.1.1 | 16.00 | 115.00 | 131.00 | NOTE | |
r-patched-linux-x86_64 | 1.1.1 | NOTE | ||||
r-release-linux-x86_64 | 1.1.1 | 11.12 | 151.06 | 162.18 | NOTE | |
r-release-macos-arm64 | 1.1.1 | 57.00 | NOTE | |||
r-release-macos-x86_64 | 1.1.1 | 104.00 | NOTE | |||
r-release-windows-x86_64 | 1.1.1 | 14.00 | 116.00 | 130.00 | NOTE | |
r-oldrel-macos-arm64 | 1.1.1 | 65.00 | OK | |||
r-oldrel-macos-x86_64 | 1.1.1 | 104.00 | OK | |||
r-oldrel-windows-x86_64 | 1.1.1 | 19.00 | 141.00 | 160.00 | OK |
Version: 1.1.1
Check: Rd files
Result: NOTE
checkRd: (-1) FADPclust.Rd:28: Lost braces in \itemize; \value handles \item{}{} directly
checkRd: (-1) FADPclust.Rd:29: Lost braces in \itemize; \value handles \item{}{} directly
checkRd: (-1) FADPclust.Rd:30: Lost braces in \itemize; \value handles \item{}{} directly
checkRd: (-1) FADPclust.Rd:31: Lost braces in \itemize; \value handles \item{}{} directly
checkRd: (-1) FADPclust.Rd:32: Lost braces in \itemize; \value handles \item{}{} directly
checkRd: (-1) FADPclust.Rd:33: Lost braces in \itemize; \value handles \item{}{} directly
checkRd: (-1) FADPclust.Rd:34: Lost braces in \itemize; \value handles \item{}{} directly
checkRd: (-1) FADPclust.Rd:35: Lost braces in \itemize; \value handles \item{}{} directly
checkRd: (-1) FADPclust.Rd:36: Lost braces in \itemize; \value handles \item{}{} directly
checkRd: (-1) FADPclust.Rd:37: Lost braces in \itemize; \value handles \item{}{} directly
Flavors: r-devel-linux-x86_64-debian-clang, r-devel-linux-x86_64-debian-gcc, r-devel-linux-x86_64-fedora-clang, r-devel-linux-x86_64-fedora-gcc, r-devel-windows-x86_64, r-patched-linux-x86_64, r-release-linux-x86_64, r-release-macos-arm64, r-release-macos-x86_64, r-release-windows-x86_64