Last updated on 2024-07-27 01:53:11 CEST.
Flavor | Version | Tinstall | Tcheck | Ttotal | Status | Flags |
---|---|---|---|---|---|---|
r-devel-linux-x86_64-debian-clang | 3.6.4 | 69.68 | 490.48 | 560.16 | OK | |
r-devel-linux-x86_64-debian-gcc | 3.6.4 | 52.12 | 385.42 | 437.54 | OK | |
r-devel-linux-x86_64-fedora-clang | 3.6.4 | 738.35 | NOTE | |||
r-devel-linux-x86_64-fedora-gcc | 3.6.4 | 684.93 | OK | |||
r-devel-windows-x86_64 | 3.6.4 | 49.00 | 321.00 | 370.00 | NOTE | |
r-patched-linux-x86_64 | 3.6.4 | OK | ||||
r-release-linux-x86_64 | 3.6.4 | 42.51 | 494.78 | 537.29 | OK | |
r-release-macos-arm64 | 3.6.4 | 176.00 | NOTE | |||
r-release-macos-x86_64 | 3.6.4 | 307.00 | NOTE | |||
r-release-windows-x86_64 | 3.6.4 | 50.00 | 322.00 | 372.00 | NOTE | |
r-oldrel-macos-arm64 | 3.6.4 | 279.00 | NOTE | |||
r-oldrel-macos-x86_64 | 3.6.4 | 468.00 | NOTE | |||
r-oldrel-windows-x86_64 | 3.6.4 | 69.00 | 412.00 | 481.00 | NOTE |
Version: 3.6.4
Check: installed package size
Result: NOTE
installed size is 10.7Mb
sub-directories of 1Mb or more:
R 4.7Mb
doc 2.3Mb
extdata 2.1Mb
Flavors: r-devel-linux-x86_64-fedora-clang, r-devel-windows-x86_64, r-release-macos-arm64, r-release-macos-x86_64, r-release-windows-x86_64, r-oldrel-macos-arm64, r-oldrel-macos-x86_64, r-oldrel-windows-x86_64