CRAN Package Check Results for Package FIT

Last updated on 2025-05-08 01:51:02 CEST.

Flavor Version Tinstall Tcheck Ttotal Status Flags
r-devel-linux-x86_64-debian-clang 0.0.6 33.31 79.20 112.51 NOTE
r-devel-linux-x86_64-debian-gcc 0.0.6 25.99 58.55 84.54 NOTE
r-devel-linux-x86_64-fedora-clang 0.0.6 192.32 NOTE
r-devel-linux-x86_64-fedora-gcc 0.0.6 220.56 NOTE
r-devel-windows-x86_64 0.0.6 35.00 114.00 149.00 NOTE
r-patched-linux-x86_64 0.0.6 37.77 79.69 117.46 NOTE
r-release-linux-x86_64 0.0.6 36.53 79.51 116.04 NOTE
r-release-macos-arm64 0.0.6 56.00 NOTE
r-release-macos-x86_64 0.0.6 108.00 NOTE
r-release-windows-x86_64 0.0.6 35.00 117.00 152.00 NOTE
r-oldrel-macos-arm64 0.0.6 55.00 NOTE
r-oldrel-macos-x86_64 0.0.6 98.00 NOTE
r-oldrel-windows-x86_64 0.0.6 42.00 143.00 185.00 NOTE

Check Details

Version: 0.0.6
Check: C++ specification
Result: NOTE Specified C++11: please drop specification unless essential Flavors: r-devel-linux-x86_64-debian-clang, r-devel-linux-x86_64-debian-gcc, r-devel-linux-x86_64-fedora-clang, r-devel-linux-x86_64-fedora-gcc, r-devel-windows-x86_64, r-patched-linux-x86_64, r-release-linux-x86_64, r-release-macos-arm64, r-release-macos-x86_64, r-release-windows-x86_64, r-oldrel-macos-arm64, r-oldrel-macos-x86_64, r-oldrel-windows-x86_64

Version: 0.0.6
Check: dependencies in R code
Result: NOTE Namespaces in Imports field not imported from: ‘MASS’ ‘XML’ ‘gglasso’ ‘methods’ All declared Imports should be used. Flavors: r-devel-linux-x86_64-fedora-clang, r-devel-linux-x86_64-fedora-gcc

Version: 0.0.6
Check: installed package size
Result: NOTE installed size is 12.5Mb sub-directories of 1Mb or more: libs 11.5Mb Flavors: r-oldrel-macos-arm64, r-oldrel-macos-x86_64

Version: 0.0.6
Check: LazyData
Result: NOTE 'LazyData' is specified without a 'data' directory Flavors: r-oldrel-macos-arm64, r-oldrel-macos-x86_64, r-oldrel-windows-x86_64