Last updated on 2025-11-14 01:51:38 CET.
| Flavor | Version | Tinstall | Tcheck | Ttotal | Status | Flags |
|---|---|---|---|---|---|---|
| r-devel-linux-x86_64-debian-clang | 1.6.0 | 63.61 | 485.93 | 549.54 | NOTE | |
| r-devel-linux-x86_64-debian-gcc | 1.6.1 | 43.69 | 382.98 | 426.67 | OK | |
| r-devel-linux-x86_64-fedora-clang | 1.6.1 | 83.00 | 889.30 | 972.30 | OK | |
| r-devel-linux-x86_64-fedora-gcc | 1.6.1 | 94.00 | 895.83 | 989.83 | OK | |
| r-devel-windows-x86_64 | 1.6.1 | 82.00 | 765.00 | 847.00 | OK | |
| r-patched-linux-x86_64 | 1.6.1 | 64.82 | 562.19 | 627.01 | OK | |
| r-release-linux-x86_64 | 1.6.0 | 66.29 | 462.62 | 528.91 | OK | |
| r-release-macos-arm64 | 1.6.1 | 24.00 | 246.00 | 270.00 | OK | |
| r-release-macos-x86_64 | 1.6.1 | 37.00 | 485.00 | 522.00 | OK | |
| r-release-windows-x86_64 | 1.6.1 | 70.00 | 617.00 | 687.00 | OK | |
| r-oldrel-macos-arm64 | 1.6.1 | 26.00 | 253.00 | 279.00 | NOTE | |
| r-oldrel-macos-x86_64 | 1.6.1 | 34.00 | 529.00 | 563.00 | NOTE | |
| r-oldrel-windows-x86_64 | 1.6.1 | 57.00 | 603.00 | 660.00 | NOTE |
Version: 1.6.0
Check: Rd files
Result: NOTE
checkRd: (-1) Rioja.data.Rd:13-25: Only 4 columns allowed in this table (row 1 has 3)
checkRd: (-1) Rioja.data.Rd:13-25: Only 4 columns allowed in this table (row 2 has 3)
checkRd: (-1) Rioja.data.Rd:13-25: Only 4 columns allowed in this table (row 3 has 3)
checkRd: (-1) Rioja.data.Rd:13-25: Only 4 columns allowed in this table (row 4 has 3)
checkRd: (-1) Rioja.data.Rd:13-25: Only 4 columns allowed in this table (row 5 has 3)
checkRd: (-1) Rioja.data.Rd:13-25: Only 4 columns allowed in this table (row 6 has 3)
checkRd: (-1) Rioja.data.Rd:13-25: Only 4 columns allowed in this table (row 7 has 3)
checkRd: (-1) Rioja.data.Rd:13-25: Only 4 columns allowed in this table (row 8 has 3)
checkRd: (-1) Rioja.data.Rd:13-25: Only 4 columns allowed in this table (row 9 has 3)
checkRd: (-1) Rioja.data.Rd:13-25: Only 4 columns allowed in this table (row 10 has 3)
checkRd: (-1) Rioja.data.Rd:13-25: Only 4 columns allowed in this table (row 11 has 3)
checkRd: (-1) Rioja.data.Rd:13-25: Only 4 columns allowed in this table (row 12 has 3)
checkRd: (-1) Rioja.simulations.Rd:12-28: Only 4 columns allowed in this table (row 1 has 3)
checkRd: (-1) Rioja.simulations.Rd:12-28: Only 4 columns allowed in this table (row 2 has 3)
checkRd: (-1) Rioja.simulations.Rd:12-28: Only 4 columns allowed in this table (row 3 has 3)
checkRd: (-1) Rioja.simulations.Rd:12-28: Only 4 columns allowed in this table (row 4 has 3)
checkRd: (-1) Rioja.simulations.Rd:12-28: Only 4 columns allowed in this table (row 5 has 3)
checkRd: (-1) Rioja.simulations.Rd:12-28: Only 4 columns allowed in this table (row 6 has 3)
checkRd: (-1) Rioja.simulations.Rd:12-28: Only 4 columns allowed in this table (row 7 has 3)
checkRd: (-1) Rioja.simulations.Rd:12-28: Only 4 columns allowed in this table (row 8 has 3)
checkRd: (-1) Rioja.simulations.Rd:12-28: Only 4 columns allowed in this table (row 9 has 3)
checkRd: (-1) Rioja.simulations.Rd:12-28: Only 4 columns allowed in this table (row 10 has 1)
checkRd: (-1) Rioja.simulations.Rd:12-28: Only 4 columns allowed in this table (row 11 has 3)
checkRd: (-1) Rioja.simulations.Rd:12-28: Only 4 columns allowed in this table (row 12 has 3)
checkRd: (-1) Rioja.simulations.Rd:12-28: Only 4 columns allowed in this table (row 13 has 3)
checkRd: (-1) Rioja.simulations.Rd:12-28: Only 4 columns allowed in this table (row 14 has 3)
checkRd: (-1) Rioja.simulations.Rd:12-28: Only 4 columns allowed in this table (row 15 has 3)
checkRd: (-1) Rioja.simulations.Rd:12-28: Only 4 columns allowed in this table (row 16 has 3)
checkRd: (-1) Rioja.simulations.Rd:12-28: Only 4 columns allowed in this table (row 17 has 3)
checkRd: (-1) Rioja.simulations.Rd:31-47: Only 4 columns allowed in this table (row 1 has 3)
checkRd: (-1) Rioja.simulations.Rd:31-47: Only 4 columns allowed in this table (row 2 has 3)
checkRd: (-1) Rioja.simulations.Rd:31-47: Only 4 columns allowed in this table (row 3 has 3)
checkRd: (-1) Rioja.simulations.Rd:31-47: Only 4 columns allowed in this table (row 4 has 3)
checkRd: (-1) Rioja.simulations.Rd:31-47: Only 4 columns allowed in this table (row 5 has 3)
checkRd: (-1) Rioja.simulations.Rd:31-47: Only 4 columns allowed in this table (row 6 has 3)
checkRd: (-1) Rioja.simulations.Rd:31-47: Only 4 columns allowed in this table (row 7 has 3)
checkRd: (-1) Rioja.simulations.Rd:31-47: Only 4 columns allowed in this table (row 8 has 3)
checkRd: (-1) Rioja.simulations.Rd:31-47: Only 4 columns allowed in this table (row 9 has 3)
checkRd: (-1) Rioja.simulations.Rd:31-47: Only 4 columns allowed in this table (row 10 has 1)
checkRd: (-1) Rioja.simulations.Rd:31-47: Only 4 columns allowed in this table (row 11 has 3)
checkRd: (-1) Rioja.simulations.Rd:31-47: Only 4 columns allowed in this table (row 12 has 3)
checkRd: (-1) Rioja.simulations.Rd:31-47: Only 4 columns allowed in this table (row 13 has 3)
checkRd: (-1) Rioja.simulations.Rd:31-47: Only 4 columns allowed in this table (row 14 has 3)
checkRd: (-1) Rioja.simulations.Rd:31-47: Only 4 columns allowed in this table (row 15 has 3)
checkRd: (-1) Rioja.simulations.Rd:31-47: Only 4 columns allowed in this table (row 16 has 3)
checkRd: (-1) Rioja.simulations.Rd:31-47: Only 4 columns allowed in this table (row 17 has 3)
checkRd: (-1) Rioja.simulations.Rd:52-68: Only 4 columns allowed in this table (row 1 has 3)
checkRd: (-1) Rioja.simulations.Rd:52-68: Only 4 columns allowed in this table (row 2 has 3)
checkRd: (-1) Rioja.simulations.Rd:52-68: Only 4 columns allowed in this table (row 3 has 3)
checkRd: (-1) Rioja.simulations.Rd:52-68: Only 4 columns allowed in this table (row 4 has 3)
checkRd: (-1) Rioja.simulations.Rd:52-68: Only 4 columns allowed in this table (row 5 has 3)
checkRd: (-1) Rioja.simulations.Rd:52-68: Only 4 columns allowed in this table (row 6 has 3)
checkRd: (-1) Rioja.simulations.Rd:52-68: Only 4 columns allowed in this table (row 7 has 3)
checkRd: (-1) Rioja.simulations.Rd:52-68: Only 4 columns allowed in this table (row 8 has 3)
checkRd: (-1) Rioja.simulations.Rd:52-68: Only 4 columns allowed in this table (row 9 has 3)
checkRd: (-1) Rioja.simulations.Rd:52-68: Only 4 columns allowed in this table (row 10 has 1)
checkRd: (-1) Rioja.simulations.Rd:52-68: Only 4 columns allowed in this table (row 11 has 3)
checkRd: (-1) Rioja.simulations.Rd:52-68: Only 4 columns allowed in this table (row 12 has 3)
checkRd: (-1) Rioja.simulations.Rd:52-68: Only 4 columns allowed in this table (row 13 has 3)
checkRd: (-1) Rioja.simulations.Rd:52-68: Only 4 columns allowed in this table (row 14 has 3)
checkRd: (-1) Rioja.simulations.Rd:52-68: Only 4 columns allowed in this table (row 15 has 3)
checkRd: (-1) Rioja.simulations.Rd:52-68: Only 4 columns allowed in this table (row 16 has 3)
checkRd: (-1) Rioja.simulations.Rd:52-68: Only 4 columns allowed in this table (row 17 has 3)
Flavor: r-devel-linux-x86_64-debian-clang
Version: 1.6.1
Check: installed package size
Result: NOTE
installed size is 9.3Mb
sub-directories of 1Mb or more:
data 2.7Mb
doc 1.2Mb
libs 4.7Mb
Flavors: r-oldrel-macos-arm64, r-oldrel-macos-x86_64, r-oldrel-windows-x86_64