Last updated on 2024-07-27 01:53:11 CEST.
Flavor | Version | Tinstall | Tcheck | Ttotal | Status | Flags |
---|---|---|---|---|---|---|
r-devel-linux-x86_64-debian-clang | 3.4.8 | 112.21 | 200.63 | 312.84 | OK | |
r-devel-linux-x86_64-debian-gcc | 3.4.8 | 83.61 | 144.47 | 228.08 | OK | |
r-devel-linux-x86_64-fedora-clang | 3.4.8 | 439.80 | OK | |||
r-devel-linux-x86_64-fedora-gcc | 3.4.8 | 411.32 | OK | |||
r-devel-windows-x86_64 | 3.4.8 | 96.00 | 168.00 | 264.00 | OK | |
r-patched-linux-x86_64 | 3.4.8 | OK | ||||
r-release-linux-x86_64 | 3.4.8 | 73.43 | 191.00 | 264.43 | OK | |
r-release-macos-arm64 | 3.4.8 | 98.00 | NOTE | |||
r-release-macos-x86_64 | 3.4.8 | 227.00 | NOTE | |||
r-release-windows-x86_64 | 3.4.8 | 100.00 | 164.00 | 264.00 | OK | |
r-oldrel-macos-arm64 | 3.4.8 | 98.00 | NOTE | |||
r-oldrel-macos-x86_64 | 3.4.8 | 169.00 | NOTE | |||
r-oldrel-windows-x86_64 | 3.4.8 | 115.00 | 212.00 | 327.00 | OK |
Version: 3.4.8
Check: installed package size
Result: NOTE
installed size is 9.2Mb
sub-directories of 1Mb or more:
doc 1.7Mb
libs 6.2Mb
Flavors: r-release-macos-arm64, r-release-macos-x86_64, r-oldrel-macos-arm64, r-oldrel-macos-x86_64