CRAN Package Check Results for Package FactoClass

Last updated on 2025-05-06 02:50:18 CEST.

Flavor Version Tinstall Tcheck Ttotal Status Flags
r-devel-linux-x86_64-debian-clang 1.2.9 10.04 65.16 75.20 NOTE
r-devel-linux-x86_64-debian-gcc 1.2.9 6.68 47.18 53.86 NOTE
r-devel-linux-x86_64-fedora-clang 1.2.9 113.86 OK
r-devel-linux-x86_64-fedora-gcc 1.2.9 115.11 OK
r-devel-windows-x86_64 1.2.9 13.00 83.00 96.00 OK
r-patched-linux-x86_64 1.2.9 9.80 62.91 72.71 OK
r-release-linux-x86_64 1.2.9 9.79 62.18 71.97 OK
r-release-macos-arm64 1.2.9 34.00 OK
r-release-macos-x86_64 1.2.9 64.00 OK
r-release-windows-x86_64 1.2.9 15.00 85.00 100.00 OK
r-oldrel-macos-arm64 1.2.9 34.00 OK
r-oldrel-macos-x86_64 1.2.9 51.00 OK
r-oldrel-windows-x86_64 1.2.9 19.00 104.00 123.00 OK

Check Details

Version: 1.2.9
Check: CRAN incoming feasibility
Result: NOTE Maintainer: ‘Campo Elias Pardo <cepardot@unal.edu.co>’ No Authors@R field in DESCRIPTION. Please add one, modifying Authors@R: c(person(given = c("Campo", "Elias"), family = "Pardo", role = c("aut", "cre"), email = "cepardot@unal.edu.co"), person(given = c("Pedro", "Cesar", "del"), family = "Campo", role = "aut", email = "pcdelcampon@unal.edu.co"), person(given = c("Camilo", "Jose"), family = "Torres", role = "aut", email = "cjtorresj@unal.edu.co"), person(given = c("with", "the", "contributions", "from.", "Ivan"), family = "Diaz", role = "aut", email = "ildiazm@unal.edu.co"), person(given = "Mauricio", family = "Sadinle", role = "aut", email = "msadinleg@unal.edu.co"), person(given = "Jhonathan", family = "Medina.", role = "aut", email = "jmedinau@unal.edu.co")) as necessary. Flavors: r-devel-linux-x86_64-debian-clang, r-devel-linux-x86_64-debian-gcc