Last updated on 2024-07-27 01:53:11 CEST.
Flavor | Version | Tinstall | Tcheck | Ttotal | Status | Flags |
---|---|---|---|---|---|---|
r-devel-linux-x86_64-debian-clang | 2.11 | 43.36 | 286.38 | 329.74 | OK | |
r-devel-linux-x86_64-debian-gcc | 2.11 | 35.67 | 200.91 | 236.58 | NOTE | |
r-devel-linux-x86_64-fedora-clang | 2.11 | 418.47 | OK | |||
r-devel-linux-x86_64-fedora-gcc | 2.11 | 385.57 | OK | |||
r-devel-windows-x86_64 | 2.11 | 40.00 | 193.00 | 233.00 | NOTE | |
r-patched-linux-x86_64 | 2.11 | OK | ||||
r-release-linux-x86_64 | 2.11 | 29.63 | 264.59 | 294.22 | OK | |
r-release-macos-arm64 | 2.11 | 104.00 | OK | |||
r-release-macos-x86_64 | 2.11 | 158.00 | OK | |||
r-release-windows-x86_64 | 2.11 | 39.00 | 197.00 | 236.00 | OK | |
r-oldrel-macos-arm64 | 2.11 | 107.00 | OK | |||
r-oldrel-macos-x86_64 | 2.11 | 211.00 | OK | |||
r-oldrel-windows-x86_64 | 2.11 | 54.00 | 255.00 | 309.00 | OK |
Version: 2.11
Check: Rd cross-references
Result: NOTE
Found the following Rd file(s) with Rd \link{} targets missing package
anchors:
HCPC.Rd: agnes
plotellipses.Rd: xyplot
Please provide package anchors for all Rd \link{} targets not in the
package itself and the base packages.
Flavors: r-devel-linux-x86_64-debian-gcc, r-devel-windows-x86_64