Last updated on 2024-07-27 01:53:11 CEST.
Flavor | Version | Tinstall | Tcheck | Ttotal | Status | Flags |
---|---|---|---|---|---|---|
r-devel-linux-x86_64-debian-clang | 2.6 | 19.29 | 138.57 | 157.86 | OK | |
r-devel-linux-x86_64-debian-gcc | 2.6 | 16.26 | 100.45 | 116.71 | NOTE | |
r-devel-linux-x86_64-fedora-clang | 2.6 | 206.76 | OK | |||
r-devel-linux-x86_64-fedora-gcc | 2.6 | 183.99 | OK | |||
r-devel-windows-x86_64 | 2.6 | 16.00 | 107.00 | 123.00 | NOTE | |
r-patched-linux-x86_64 | 2.6 | OK | ||||
r-release-linux-x86_64 | 2.6 | 16.20 | 132.06 | 148.26 | OK | |
r-release-macos-arm64 | 2.6 | 36.00 | OK | |||
r-release-macos-x86_64 | 2.6 | 84.00 | OK | |||
r-release-windows-x86_64 | 2.6 | 15.00 | 107.00 | 122.00 | OK | |
r-oldrel-macos-arm64 | 2.6 | 45.00 | OK | |||
r-oldrel-macos-x86_64 | 2.6 | 56.00 | OK | |||
r-oldrel-windows-x86_64 | 2.6 | 19.00 | 132.00 | 151.00 | OK |
Version: 2.6
Check: Rd cross-references
Result: NOTE
Found the following Rd file(s) with Rd \link{} targets missing package
anchors:
CAshiny.Rd: CA, plot.CA
FAMDshiny.Rd: FAMD, plot.FAMD
HCPCshiny.Rd: HCPC, plot.HCPC
MCAshiny.Rd: MCA, dimdesc, plot.MCA
MFAshiny.Rd: PCA, plot.PCA
PCAshiny.Rd: PCA, plot.PCA
Please provide package anchors for all Rd \link{} targets not in the
package itself and the base packages.
Flavors: r-devel-linux-x86_64-debian-gcc, r-devel-windows-x86_64