Last updated on 2025-11-20 02:49:14 CET.
| Flavor | Version | Tinstall | Tcheck | Ttotal | Status | Flags |
|---|---|---|---|---|---|---|
| r-devel-linux-x86_64-debian-clang | 0.1.2 | 67.38 | 82.52 | 149.90 | OK | |
| r-devel-linux-x86_64-debian-gcc | 0.1.2 | 42.55 | 57.54 | 100.09 | OK | |
| r-devel-linux-x86_64-fedora-clang | 0.1.2 | 132.00 | 124.43 | 256.43 | OK | |
| r-devel-linux-x86_64-fedora-gcc | 0.1.2 | 87.00 | 156.77 | 243.77 | OK | |
| r-devel-windows-x86_64 | 0.1.1 | 88.00 | 104.00 | 192.00 | OK | |
| r-patched-linux-x86_64 | 0.1.2 | 71.00 | 73.96 | 144.96 | OK | |
| r-release-linux-x86_64 | 0.1.1 | 70.57 | 72.37 | 142.94 | OK | |
| r-release-macos-arm64 | 0.1.1 | 26.00 | -2.00 | 24.00 | OK | |
| r-release-macos-x86_64 | 0.1.2 | 32.00 | 92.00 | 124.00 | OK | |
| r-release-windows-x86_64 | 0.1.2 | 73.00 | 125.00 | 198.00 | OK | |
| r-oldrel-macos-arm64 | 0.1.2 | 1.00 | 8.00 | 9.00 | ERROR | |
| r-oldrel-macos-x86_64 | 0.1.2 | 30.00 | 88.00 | 118.00 | OK | |
| r-oldrel-windows-x86_64 | 0.1.2 | 68.00 | 134.00 | 202.00 | OK |
Version: 0.1.2
Check: whether package can be installed
Result: ERROR
Installation failed.
Flavor: r-oldrel-macos-arm64