Last updated on 2024-07-27 01:53:11 CEST.
Flavor | Version | Tinstall | Tcheck | Ttotal | Status | Flags |
---|---|---|---|---|---|---|
r-devel-linux-x86_64-debian-clang | 0.0.9 | 37.45 | 26.94 | 64.39 | OK | |
r-devel-linux-x86_64-debian-gcc | 0.0.9 | 24.98 | 22.85 | 47.83 | OK | |
r-devel-linux-x86_64-fedora-clang | 0.0.9 | 75.13 | OK | |||
r-devel-linux-x86_64-fedora-gcc | 0.0.9 | 88.00 | OK | |||
r-devel-windows-x86_64 | 0.0.9 | 27.00 | 49.00 | 76.00 | OK | |
r-patched-linux-x86_64 | 0.0.9 | OK | ||||
r-release-linux-x86_64 | 0.0.9 | 35.63 | 27.79 | 63.42 | OK | |
r-release-macos-arm64 | 0.0.9 | 29.00 | NOTE | |||
r-release-macos-x86_64 | 0.0.9 | 54.00 | NOTE | |||
r-release-windows-x86_64 | 0.0.9 | 27.00 | 49.00 | 76.00 | OK | |
r-oldrel-macos-arm64 | 0.0.9 | 33.00 | NOTE | |||
r-oldrel-macos-x86_64 | 0.0.9 | 61.00 | NOTE | |||
r-oldrel-windows-x86_64 | 0.0.9 | 31.00 | 69.00 | 100.00 | OK |
Version: 0.0.9
Check: installed package size
Result: NOTE
installed size is 14.5Mb
sub-directories of 1Mb or more:
libs 14.4Mb
Flavors: r-release-macos-arm64, r-release-macos-x86_64, r-oldrel-macos-arm64, r-oldrel-macos-x86_64