CRAN Package Check Results for Package FlowRegEnvCost

Last updated on 2025-05-04 02:50:05 CEST.

Flavor Version Tinstall Tcheck Ttotal Status Flags
r-devel-linux-x86_64-debian-clang 0.1.1 2.72 30.53 33.25 NOTE
r-devel-linux-x86_64-debian-gcc 0.1.1 2.30 23.24 25.54 NOTE
r-devel-linux-x86_64-fedora-clang 0.1.1 53.14 NOTE
r-devel-linux-x86_64-fedora-gcc 0.1.1 51.48 NOTE
r-devel-windows-x86_64 0.1.1 4.00 53.00 57.00 NOTE
r-patched-linux-x86_64 0.1.1 2.41 29.63 32.04 NOTE
r-release-linux-x86_64 NOTE
r-release-macos-arm64 0.1.1 22.00 NOTE
r-release-macos-x86_64 0.1.1 36.00 NOTE
r-release-windows-x86_64 0.1.1 4.00 52.00 56.00 NOTE
r-oldrel-macos-arm64 0.1.1 21.00 NOTE
r-oldrel-macos-x86_64 0.1.1 36.00 NOTE
r-oldrel-windows-x86_64 0.1.1 5.00 59.00 64.00 NOTE

Check Details

Version: 0.1.1
Check: CRAN incoming feasibility
Result: NOTE Maintainer: ‘Javier Martinez-Lopez <javi.martinez.lopez@gmail.com>’ No Authors@R field in DESCRIPTION. Please add one, modifying Authors@R: c(person(given = c("Silvestre", "Garcia", "de", "Jalon;", "Javier", "Martinez-Lopez;", "Marta", "Gonzalez", "del", "Tanago;", "Carlos", "Alonso;", "Diego", "Garcia"), family = "de Jalon", role = "aut"), person(given = "Javier", family = "Martinez-Lopez", role = "cre", email = "javi.martinez.lopez@gmail.com")) as necessary. Package CITATION file contains call(s) to old-style personList() or as.personList(). Please use c() on person objects instead. Package CITATION file contains call(s) to old-style citEntry(). Please use bibentry() instead. Found the following URLs which should use \doi (with the DOI name only): File ‘flowdata.Rd’: https://doi.org/10.1007/s11269-017-1663-0 Flavors: r-devel-linux-x86_64-debian-clang, r-devel-linux-x86_64-debian-gcc

Version: 0.1.1
Check: Rd files
Result: NOTE checkRd: (-1) flowdata.Rd:10: Lost braces; missing escapes or markup? 10 | \item{Flow}{Water flow, in m^{3}/s} | ^ Flavors: r-devel-linux-x86_64-debian-clang, r-devel-linux-x86_64-debian-gcc, r-devel-linux-x86_64-fedora-clang, r-devel-linux-x86_64-fedora-gcc, r-devel-windows-x86_64, r-patched-linux-x86_64, r-release-linux-x86_64, r-release-macos-arm64, r-release-macos-x86_64, r-release-windows-x86_64, r-oldrel-macos-arm64, r-oldrel-macos-x86_64, r-oldrel-windows-x86_64