Last updated on 2024-07-27 01:53:11 CEST.
Flavor | Version | Tinstall | Tcheck | Ttotal | Status | Flags |
---|---|---|---|---|---|---|
r-devel-linux-x86_64-debian-clang | 1.3.1 | 15.31 | 211.85 | 227.16 | OK | |
r-devel-linux-x86_64-debian-gcc | 1.3.1 | 12.58 | 154.14 | 166.72 | NOTE | |
r-devel-linux-x86_64-fedora-clang | 1.3.1 | 306.50 | NOTE | |||
r-devel-linux-x86_64-fedora-gcc | 1.3.1 | 263.18 | OK | |||
r-devel-windows-x86_64 | 1.3.1 | 16.00 | 152.00 | 168.00 | NOTE | |
r-patched-linux-x86_64 | 1.3.1 | OK | ||||
r-release-linux-x86_64 | 1.3.1 | 10.25 | 201.29 | 211.54 | OK | |
r-release-macos-arm64 | 1.3.1 | 62.00 | OK | |||
r-release-macos-x86_64 | 1.3.1 | 112.00 | OK | |||
r-release-windows-x86_64 | 1.3.1 | 14.00 | 156.00 | 170.00 | OK | |
r-oldrel-macos-arm64 | 1.3.1 | 74.00 | OK | |||
r-oldrel-macos-x86_64 | 1.3.1 | 139.00 | OK | |||
r-oldrel-windows-x86_64 | 1.3.1 | 20.00 | 203.00 | 223.00 | OK |
Version: 1.3.1
Check: Rd cross-references
Result: NOTE
Found the following Rd file(s) with Rd \link{} targets missing package
anchors:
comb_EIG2.Rd: accuracy
comb_SA.Rd: accuracy
Please provide package anchors for all Rd \link{} targets not in the
package itself and the base packages.
Flavors: r-devel-linux-x86_64-debian-gcc, r-devel-windows-x86_64
Version: 1.3.1
Check: Rd cross-references
Result: NOTE
Undeclared package ‘ForecastCombinations’ in Rd xrefs
Flavor: r-devel-linux-x86_64-fedora-clang