Last updated on 2025-05-04 02:50:06 CEST.
Flavor | Version | Tinstall | Tcheck | Ttotal | Status | Flags |
---|---|---|---|---|---|---|
r-devel-linux-x86_64-debian-clang | 1.0 | 2.55 | 36.99 | 39.54 | NOTE | |
r-devel-linux-x86_64-debian-gcc | 1.0 | 1.81 | 24.40 | 26.21 | NOTE | |
r-devel-linux-x86_64-fedora-clang | 1.0 | 61.82 | OK | |||
r-devel-linux-x86_64-fedora-gcc | 1.0 | 58.81 | OK | |||
r-devel-windows-x86_64 | 1.0 | 3.00 | 53.00 | 56.00 | OK | |
r-patched-linux-x86_64 | 1.0 | 2.37 | 34.24 | 36.61 | OK | |
r-release-linux-x86_64 | OK | |||||
r-release-macos-arm64 | 1.0 | 21.00 | OK | |||
r-release-macos-x86_64 | 1.0 | 47.00 | OK | |||
r-release-windows-x86_64 | 1.0 | 4.00 | 53.00 | 57.00 | OK | |
r-oldrel-macos-arm64 | 1.0 | 19.00 | OK | |||
r-oldrel-macos-x86_64 | 1.0 | 33.00 | OK | |||
r-oldrel-windows-x86_64 | 1.0 | 4.00 | 52.00 | 56.00 | OK |
Version: 1.0
Check: CRAN incoming feasibility
Result: NOTE
Maintainer: ‘Farimah Houshmand Nanehkaran <hoshmandcomputer@gmail.com>’
No Authors@R field in DESCRIPTION.
Please add one, modifying
Authors@R: c(person(given = c("Farimah", "Houshmand"),
family = "Nanehkaran",
role = c("aut", "cre"),
email = "hoshmandcomputer@gmail.com"),
person(given = c("Seyed", "Mohammad", "Reza"),
family = "Lajevardi",
role = "aut",
email = "R.Lajevardi@iaukashan.ac.ir"),
person(given = c("Mahmoud", "Mahlouji"),
family = "Bidgholi",
role = "aut",
email = "m.mahlouji@iaukashan.ac.ir"))
as necessary.
Flavors: r-devel-linux-x86_64-debian-clang, r-devel-linux-x86_64-debian-gcc