CRAN Package Check Results for Package GAIPE

Last updated on 2025-05-08 01:51:03 CEST.

Flavor Version Tinstall Tcheck Ttotal Status Flags
r-devel-linux-x86_64-debian-clang 1.1 2.19 20.84 23.03 NOTE
r-devel-linux-x86_64-debian-gcc 1.1 1.46 16.76 18.22 NOTE
r-devel-linux-x86_64-fedora-clang 1.1 37.29 OK
r-devel-linux-x86_64-fedora-gcc 1.1 36.65 OK
r-devel-windows-x86_64 1.1 3.00 45.00 48.00 OK
r-patched-linux-x86_64 1.1 2.27 21.07 23.34 OK
r-release-linux-x86_64 1.1 2.23 20.33 22.56 OK
r-release-macos-arm64 1.1 18.00 OK
r-release-macos-x86_64 1.1 34.00 OK
r-release-windows-x86_64 1.1 4.00 45.00 49.00 OK
r-oldrel-macos-arm64 1.1 15.00 OK
r-oldrel-macos-x86_64 1.1 24.00 OK
r-oldrel-windows-x86_64 1.1 4.00 45.00 49.00 OK

Check Details

Version: 1.1
Check: CRAN incoming feasibility
Result: NOTE Maintainer: ‘Yao Lin <zaiyaolin@gmail.com>’ No Authors@R field in DESCRIPTION. Please add one, modifying Authors@R: c(person(given = "Tzu-Yao", family = "Lin", role = "aut"), person(given = "Yao", family = "Lin", role = "cre", email = "zaiyaolin@gmail.com")) as necessary. Flavors: r-devel-linux-x86_64-debian-clang, r-devel-linux-x86_64-debian-gcc