Last updated on 2025-11-20 03:50:10 CET.
| Flavor | Version | Tinstall | Tcheck | Ttotal | Status | Flags |
|---|---|---|---|---|---|---|
| r-devel-linux-x86_64-debian-clang | 2.9.12 | 168.61 | 128.46 | 297.07 | OK | |
| r-devel-linux-x86_64-debian-gcc | 2.9.12 | 111.82 | 86.55 | 198.37 | OK | |
| r-devel-linux-x86_64-fedora-clang | 2.9.12 | 211.00 | 312.90 | 523.90 | OK | |
| r-devel-linux-x86_64-fedora-gcc | 2.9.12 | 233.00 | 273.51 | 506.51 | OK | |
| r-devel-windows-x86_64 | 2.9.12 | 224.00 | 146.00 | 370.00 | OK | |
| r-patched-linux-x86_64 | 2.9.12 | 168.78 | 118.23 | 287.01 | OK | |
| r-release-linux-x86_64 | 2.9.12 | 176.83 | 117.00 | 293.83 | OK | |
| r-release-macos-arm64 | 2.9.12 | OK | ||||
| r-release-macos-x86_64 | 2.9.12 | 61.00 | 94.00 | 155.00 | OK | |
| r-release-windows-x86_64 | 2.9.12 | 202.00 | 144.00 | 346.00 | OK | |
| r-oldrel-macos-arm64 | 2.9.12 | NOTE | ||||
| r-oldrel-macos-x86_64 | 2.9.12 | 59.00 | 101.00 | 160.00 | NOTE | |
| r-oldrel-windows-x86_64 | 2.9.12 | 237.00 | 188.00 | 425.00 | NOTE |
Version: 2.9.12
Check: installed package size
Result: NOTE
installed size is 13.3Mb
sub-directories of 1Mb or more:
libs 12.3Mb
Flavors: r-oldrel-macos-arm64, r-oldrel-macos-x86_64
Version: 2.9.12
Check: package dependencies
Result: NOTE
Package suggested but not available for checking: 'cdmTools'
Flavor: r-oldrel-windows-x86_64