Last updated on 2024-07-27 01:53:12 CEST.
Flavor | Version | Tinstall | Tcheck | Ttotal | Status | Flags |
---|---|---|---|---|---|---|
r-devel-linux-x86_64-debian-clang | 1.5.5 | 7.56 | 53.15 | 60.71 | OK | |
r-devel-linux-x86_64-debian-gcc | 1.5.5 | 5.23 | 39.55 | 44.78 | OK | |
r-devel-linux-x86_64-fedora-clang | 1.5.5 | 77.24 | NOTE | |||
r-devel-linux-x86_64-fedora-gcc | 1.5.5 | 82.44 | OK | |||
r-devel-windows-x86_64 | 1.5.5 | 7.00 | 67.00 | 74.00 | OK | |
r-patched-linux-x86_64 | 1.5.5 | OK | ||||
r-release-linux-x86_64 | 1.5.5 | 7.56 | 50.15 | 57.71 | OK | |
r-release-macos-arm64 | 1.5.5 | 30.00 | OK | |||
r-release-macos-x86_64 | 1.5.5 | 47.00 | OK | |||
r-release-windows-x86_64 | 1.5.5 | 7.00 | 65.00 | 72.00 | OK | |
r-oldrel-macos-arm64 | 1.5.5 | 42.00 | OK | |||
r-oldrel-macos-x86_64 | 1.5.5 | 78.00 | OK | |||
r-oldrel-windows-x86_64 | 1.5.5 | 8.00 | 70.00 | 78.00 | OK |
Version: 1.5.5
Check: Rd cross-references
Result: NOTE
Undeclared package ‘mmap’ in Rd xrefs
Flavor: r-devel-linux-x86_64-fedora-clang