Last updated on 2024-07-27 01:53:12 CEST.
Flavor | Version | Tinstall | Tcheck | Ttotal | Status | Flags |
---|---|---|---|---|---|---|
r-devel-linux-x86_64-debian-clang | 1.0-2 | 13.52 | 256.20 | 269.72 | OK | |
r-devel-linux-x86_64-debian-gcc | 1.0-2 | 10.74 | 188.61 | 199.35 | NOTE | |
r-devel-linux-x86_64-fedora-clang | 1.0-2 | 333.32 | OK | |||
r-devel-linux-x86_64-fedora-gcc | 1.0-2 | 328.22 | OK | |||
r-devel-windows-x86_64 | 1.0-2 | 15.00 | 70109.00 | 70124.00 | NOTE | |
r-patched-linux-x86_64 | 1.0-2 | OK | ||||
r-release-linux-x86_64 | 1.0-2 | 10.88 | 245.72 | 256.60 | OK | |
r-release-macos-arm64 | 1.0-2 | 125.00 | OK | |||
r-release-macos-x86_64 | 1.0-2 | 189.00 | OK | |||
r-release-windows-x86_64 | 1.0-2 | 13.00 | 298.00 | 311.00 | OK | |
r-oldrel-macos-arm64 | 1.0-2 | 121.00 | OK | |||
r-oldrel-macos-x86_64 | 1.0-2 | 283.00 | OK | |||
r-oldrel-windows-x86_64 | 1.0-2 | 17.00 | 322.00 | 339.00 | OK |
Version: 1.0-2
Check: Rd cross-references
Result: NOTE
Found the following Rd file(s) with Rd \link{} targets missing package
anchors:
fclustering.Rd: pam
geom_central_region.Rd: geom_ribbon, geom_line
Please provide package anchors for all Rd \link{} targets not in the
package itself and the base packages.
Flavors: r-devel-linux-x86_64-debian-gcc, r-devel-windows-x86_64