Last updated on 2025-11-19 01:48:49 CET.
| Flavor | Version | Tinstall | Tcheck | Ttotal | Status | Flags |
|---|---|---|---|---|---|---|
| r-devel-linux-x86_64-debian-clang | 1.0.1 | 6.90 | 82.66 | 89.56 | NOTE | |
| r-devel-linux-x86_64-debian-gcc | 1.0.1 | 5.73 | 61.01 | 66.74 | NOTE | |
| r-devel-linux-x86_64-fedora-clang | 1.0.1 | 14.00 | 121.04 | 135.04 | OK | |
| r-devel-linux-x86_64-fedora-gcc | 1.0.1 | 16.00 | 124.83 | 140.83 | OK | |
| r-devel-windows-x86_64 | 1.0.1 | 12.00 | 95.00 | 107.00 | OK | |
| r-patched-linux-x86_64 | 1.0.1 | 7.97 | 77.86 | 85.83 | OK | |
| r-release-linux-x86_64 | 1.0.1 | 7.76 | 77.84 | 85.60 | OK | |
| r-release-macos-arm64 | 1.0.1 | 4.00 | 59.00 | 63.00 | OK | |
| r-release-macos-x86_64 | 1.0.1 | 8.00 | 97.00 | 105.00 | OK | |
| r-release-windows-x86_64 | 1.0.1 | 9.00 | 93.00 | 102.00 | OK | |
| r-oldrel-macos-arm64 | 1.0.1 | 4.00 | 44.00 | 48.00 | OK | |
| r-oldrel-macos-x86_64 | 1.0.1 | 5.00 | 63.00 | 68.00 | OK | |
| r-oldrel-windows-x86_64 | 1.0.1 | 12.00 | 114.00 | 126.00 | OK |
Version: 1.0.1
Check: CRAN incoming feasibility
Result: NOTE
Maintainer: ‘Sydney Manning <sydney.manning@unthsc.edu>’
No Authors@R field in DESCRIPTION.
Please add one, modifying
Authors@R: c(person(given = "Zhengyang",
family = "Zhou",
role = "aut"),
person(given = "Sydney",
family = "Manning",
role = "cre",
email = "sydney.manning@unthsc.edu"))
as necessary.
Flavors: r-devel-linux-x86_64-debian-clang, r-devel-linux-x86_64-debian-gcc