Last updated on 2025-11-20 02:49:15 CET.
| Flavor | Version | Tinstall | Tcheck | Ttotal | Status | Flags |
|---|---|---|---|---|---|---|
| r-devel-linux-x86_64-debian-clang | 0.8 | 1.97 | 21.54 | 23.51 | NOTE | |
| r-devel-linux-x86_64-debian-gcc | 0.8 | 1.95 | 18.43 | 20.38 | NOTE | |
| r-devel-linux-x86_64-fedora-clang | 0.8 | 34.53 | OK | |||
| r-devel-linux-x86_64-fedora-gcc | 0.8 | 33.29 | OK | |||
| r-devel-windows-x86_64 | 0.8 | 5.00 | 42.00 | 47.00 | OK | |
| r-patched-linux-x86_64 | 0.8 | 2.23 | 20.37 | 22.60 | OK | |
| r-release-linux-x86_64 | 0.8 | 2.29 | 20.20 | 22.49 | OK | |
| r-release-macos-arm64 | 0.8 | OK | ||||
| r-release-macos-x86_64 | 0.8 | 6.00 | 38.00 | 44.00 | OK | |
| r-release-windows-x86_64 | 0.8 | 5.00 | 42.00 | 47.00 | OK | |
| r-oldrel-macos-arm64 | 0.8 | OK | ||||
| r-oldrel-macos-x86_64 | 0.8 | 3.00 | 24.00 | 27.00 | OK | |
| r-oldrel-windows-x86_64 | 0.8 | 5.00 | 45.00 | 50.00 | OK |
Version: 0.8
Check: CRAN incoming feasibility
Result: NOTE
Maintainer: ‘Josef Leydold <josef.leydold@wu.ac.at>’
No Authors@R field in DESCRIPTION.
Please add one, modifying
Authors@R: c(person(given = "Josef",
family = "Leydold",
role = c("aut", "cre"),
email = "josef.leydold@wu.ac.at"),
person(given = "Wolfgang",
family = "Hormann",
role = "aut"))
as necessary.
Flavors: r-devel-linux-x86_64-debian-clang, r-devel-linux-x86_64-debian-gcc