Last updated on 2024-07-27 01:53:13 CEST.
Flavor | Version | Tinstall | Tcheck | Ttotal | Status | Flags |
---|---|---|---|---|---|---|
r-devel-linux-x86_64-debian-clang | 1.2.7 | 177.73 | 409.12 | 586.85 | OK | |
r-devel-linux-x86_64-debian-gcc | 1.2.7 | 164.09 | 305.18 | 469.27 | OK | |
r-devel-linux-x86_64-fedora-clang | 1.2.7 | 865.18 | NOTE | |||
r-devel-linux-x86_64-fedora-gcc | 1.2.7 | 772.78 | OK | |||
r-devel-windows-x86_64 | 1.2.7 | 177.00 | 322.00 | 499.00 | NOTE | |
r-patched-linux-x86_64 | 1.2.7 | OK | ||||
r-release-linux-x86_64 | 1.2.7 | 119.21 | 386.91 | 506.12 | OK | |
r-release-macos-arm64 | 1.2.7 | 243.00 | NOTE | |||
r-release-macos-x86_64 | 1.2.7 | 363.00 | NOTE | |||
r-release-windows-x86_64 | 1.2.7 | 169.00 | 325.00 | 494.00 | NOTE | |
r-oldrel-macos-arm64 | 1.2.7 | 229.00 | NOTE | |||
r-oldrel-macos-x86_64 | 1.2.7 | 579.00 | NOTE | |||
r-oldrel-windows-x86_64 | 1.2.7 | 232.00 | 406.00 | 638.00 | NOTE |
Version: 1.2.7
Check: installed package size
Result: NOTE
installed size is 6.3Mb
sub-directories of 1Mb or more:
R 5.7Mb
Flavors: r-devel-linux-x86_64-fedora-clang, r-devel-windows-x86_64, r-release-macos-arm64, r-release-macos-x86_64, r-release-windows-x86_64, r-oldrel-macos-arm64, r-oldrel-macos-x86_64, r-oldrel-windows-x86_64