Last updated on 2025-11-20 02:49:16 CET.
| Flavor | Version | Tinstall | Tcheck | Ttotal | Status | Flags |
|---|---|---|---|---|---|---|
| r-devel-linux-x86_64-debian-clang | 1.4 | 8.72 | 593.89 | 602.61 | OK | |
| r-devel-linux-x86_64-debian-gcc | 1.4 | 6.41 | 369.02 | 375.43 | OK | |
| r-devel-linux-x86_64-fedora-clang | 1.4 | 18.00 | 916.00 | 934.00 | OK | |
| r-devel-linux-x86_64-fedora-gcc | 1.4 | 23.00 | 920.37 | 943.37 | OK | |
| r-devel-windows-x86_64 | 1.4 | 14.00 | 136.00 | 150.00 | OK | --no-vignettes |
| r-patched-linux-x86_64 | 1.4 | 9.26 | 569.15 | 578.41 | OK | |
| r-release-linux-x86_64 | 1.4 | 8.21 | 570.31 | 578.52 | OK | |
| r-release-macos-arm64 | 1.4 | OK | ||||
| r-release-macos-x86_64 | 1.4 | 7.00 | 462.00 | 469.00 | OK | |
| r-release-windows-x86_64 | 1.4 | 11.00 | 155.00 | 166.00 | OK | --no-vignettes |
| r-oldrel-macos-arm64 | 1.4 | NOTE | ||||
| r-oldrel-macos-x86_64 | 1.4 | 7.00 | 386.00 | 393.00 | NOTE | |
| r-oldrel-windows-x86_64 | 1.4 | 15.00 | 151.00 | 166.00 | NOTE | --no-vignettes |
Version: 1.4
Check: installed package size
Result: NOTE
installed size is 5.2Mb
sub-directories of 1Mb or more:
data 1.4Mb
doc 3.5Mb
Flavors: r-oldrel-macos-arm64, r-oldrel-macos-x86_64
Version: 1.4
Flags: --no-vignettes
Check: installed package size
Result: NOTE
installed size is 5.2Mb
sub-directories of 1Mb or more:
data 1.4Mb
doc 3.5Mb
Flavor: r-oldrel-windows-x86_64