Last updated on 2025-11-14 01:51:40 CET.
| Flavor | Version | Tinstall | Tcheck | Ttotal | Status | Flags |
|---|---|---|---|---|---|---|
| r-devel-linux-x86_64-debian-clang | 0.2.3 | 160.36 | 85.03 | 245.39 | OK | |
| r-devel-linux-x86_64-debian-gcc | 0.2.3 | 110.43 | 58.58 | 169.01 | OK | |
| r-devel-linux-x86_64-fedora-clang | 0.2.3 | 660.00 | -175.16 | 484.84 | OK | |
| r-devel-linux-x86_64-fedora-gcc | 0.2.3 | 329.00 | 111.97 | 440.97 | OK | |
| r-devel-windows-x86_64 | 0.2.3 | 191.00 | 123.00 | 314.00 | OK | |
| r-patched-linux-x86_64 | 0.2.3 | 167.20 | 79.77 | 246.97 | OK | |
| r-release-linux-x86_64 | 0.2.3 | 166.69 | 79.62 | 246.31 | OK | |
| r-release-macos-arm64 | 0.2.3 | 64.00 | 37.00 | 101.00 | OK | |
| r-release-macos-x86_64 | 0.2.3 | 63.00 | 82.00 | 145.00 | OK | |
| r-release-windows-x86_64 | 0.2.3 | 189.00 | 121.00 | 310.00 | OK | |
| r-oldrel-macos-arm64 | 0.2.3 | 75.00 | 41.00 | 116.00 | NOTE | |
| r-oldrel-macos-x86_64 | 0.2.3 | 56.00 | 88.00 | 144.00 | NOTE | |
| r-oldrel-windows-x86_64 | 0.2.3 | 222.00 | 155.00 | 377.00 | OK |
Version: 0.2.3
Check: installed package size
Result: NOTE
installed size is 17.7Mb
sub-directories of 1Mb or more:
extdata 2.5Mb
libs 14.9Mb
Flavors: r-oldrel-macos-arm64, r-oldrel-macos-x86_64